MONTHLY CLIMATOLOGICAL SUMMARY for JAN. 2018

NAME: K3JAE's Weather Station   CITY: Bruceton STATE: Tennesee
ELEV: 495 LAT: 036:02:04 LONG: 0088:14:38

                            TEMPERATURE ( F), RAIN (in.), WIND SPEED (mph)

                                               HEAT     COOL           AVG
      MEAN                                     DEG      DEG            WIND                       DOM
DAY   TEMP    HIGH   TIME     LOW    TIME      DAYS     DAYS    RAIN   SPEED    HIGH    TIME      DIR
--------------------------------------------------------------------------------------------------------
01    12.5   020.9   13:35    06.4   06:35     52.5     00.0   00.00   02.5     13.0    02:50      N 
02    13.3   023.7   14:41    04.2   05:27     51.6     00.0   00.00   01.0     08.0    09:02      NE
03    23.1   033.2   14:18    15.1   01:12     41.9     00.0   00.00   02.3     13.0    13:51      W 
04    17.7   024.7   14:08    10.7   07:48     47.3     00.0   00.00   01.9     11.0    02:45      NW
05    24.0   033.5   14:09    17.8   07:41     40.9     00.0   00.00   01.2     09.0    13:48      N 
06    21.9   029.1   15:52    16.5   08:08     43.0     00.0   00.00   02.0     10.0    12:51     ENE
07    34.1   044.0   15:11    20.0   00:27     30.8     00.0   00.02   02.1     21.0    20:37     SSE
08    39.4   040.9   15:22    37.6   08:47     25.5     00.0   00.70   01.3     17.0    03:05     SSE
09    42.9   048.2   00:00    38.8   05:22     22.0     00.0   00.01   01.1     09.0    08:18     ENE
10    54.0   060.6   00:00    47.1   06:19     11.0     00.0   00.00   02.0     14.0    23:52     SSE
11    60.5   063.0   12:26    57.3   22:23     04.5     00.0   00.98   02.4     17.0    04:19     SSE
12    24.5   057.6   00:07    18.5   12:04     40.5     00.0   00.21   04.5     17.0    11:09      NW
13    21.9   027.3   14:44    17.7   00:00     43.0     00.0   00.05   03.2     16.0    11:07     NNE
14    21.5   029.1   14:26    12.2   06:58     43.5     00.0   00.03   01.0     10.0    09:42      E 
15    30.0   039.3   12:23    22.9   00:00     34.9     00.0   00.08   02.7     14.0    12:06      W 
16    12.2   022.9   00:01    02.5   22:39     52.8     00.0   00.01   02.5     14.0    01:35      NW
17    11.1   020.4   14:47    01.3   01:14     53.8     00.0   00.00   01.3     09.0    09:19     WNW
--------------------------------------------------------------------------------------------------------
27.3 (28.4)   63.0  day 11     01.3  day 17   639.5    000.0   02.10   02.1     21.0   day 12     NNW
Max <=  32: 8
Min <=  86: 17
Max <= 23: 3
Min <=  23: 13
Min <=   5: 3
Max Rain: 0.98 ON 11-01-18
Days of Rain: 9 (> .008in) 4 (> .08in) 1 (> 0.8in)