MONTHLY CLIMATOLOGICAL SUMMARY


Daily NOAA report


                         MONTHLY CLIMATOLOGICAL SUMMARY for DEC. 2008





NAME: K3JAE's Weather Station   CITY: Uniontown   STATE: PA.


ELEVATION: 1125                 LAT: 039:54:14  LONG: 0079:42:17





                        TEMPERATURE ( F), RAIN (in.), WIND SPEED (mph)





                                       HEAT   COOL           AVG


      MEAN                             DEG    DEG            WIND                       DOM


DAY   TEMP  HIGH  TIME    LOW  TIME    DAYS   DAYS   RAIN    SPEED    HIGH    TIME      DIR


--------------------------------------------------------------------------------------------


01    37.1  40.8  00:59  31.8  00:00   27.8   00.0   00.00   06.3     42.5    17:41      SW


02    30.4  34.5  14:33  26.6  19:55   34.5   00.0   00.00   02.8     21.9    04:02     WSW


03    37.8  56.1  16:18  23.2  02:50   27.1   00.0   00.00   03.6     18.4    11:28      SW


04    39.8  50.4  02:19  28.6  00:00   25.1   00.0   00.14   09.8     71.3    11:09      W 


05    24.5  29.7  12:03  14.0  23:56   40.4   00.0   00.00   02.1     13.8    14:25      W 


06    24.3  31.8  12:55  12.1  04:07   40.6   00.0   00.00   02.4     28.8    13:30     WSW


07    21.8  28.9  00:18  12.6  21:56   43.1   00.0   00.00   04.0     29.9    03:57     WNW


08    27.5  40.8  00:00  10.6  01:46   37.4   00.0   00.00   00.8     28.8    14:16      S 


09    53.2  64.3  15:09  18.3  16:55   11.7   00.0   00.00   05.8     59.8    13:14     SSW


10    46.5  59.7  01:30  34.0  00:00   18.4   00.0   00.81   06.3     58.6    12:11      W 


11    34.4  35.9  14:33  12.2  14:48   30.6   00.0   01.14   11.2     42.5    12:26      NW


12    29.2  33.8  00:02  23.5  00:00   35.8   00.0   00.02   08.1     42.5    16:38      NW


13    23.2  37.9  16:22  14.5  07:54   41.8   00.0   00.00   02.2     28.8    17:34     WNW


14    40.7  65.8  16:22  23.5  00:12   24.3   00.0   00.28   03.1     42.5    15:47     SSW


15    52.3  64.0  10:09  31.6  00:00   12.6   00.0   00.24   10.9     42.5    19:16      W 


16    30.3  38.5  00:00  26.8  07:43   34.6   00.0   00.16   02.8     57.5    13:16      NW


17    39.8  50.7  04:00  11.1  23:53   25.2   00.0   00.35   14.0     42.5    20:41      W 


18    36.5  47.2  14:02  32.7  08:05   28.5   00.0   00.00   05.6     42.5    06:55     WNW


19    46.2  58.6  15:12  36.5  05:19   18.8   00.0   00.84   04.6     42.5    14:17      W 


20    32.6  39.4  00:07  29.1  08:53   32.3   00.0   00.00   01.5     58.6    04:41      N 


21    28.6  40.8  15:39  09.0  00:00   36.3   00.0   00.06   07.3     29.9    15:46      W 


22    09.9  19.0  16:20  05.5  07:56   55.1   00.0   00.00   05.8     24.1    05:14     WSW


23    24.5  39.5  22:48  08.8  00:03   40.4   00.0   00.00   00.6     57.5    13:27      S 


24    48.1  55.9  13:12  38.5  02:06   16.8   00.0   00.77   12.1     42.5    19:45     WSW


25    32.5  49.7  15:41  22.6  00:00   32.4   00.0   00.00   02.0     28.8    07:22     WNW


26    41.0  57.9  14:23  21.9  02:52   23.9   00.0   01.08   01.6     17.3    23:49      S 


27    63.8  83.8  16:01  24.1  11:02   01.1   00.0   00.00   06.6     19.6    13:42     SSW


28    52.8  61.5  10:24  34.2  00:00   12.1   00.0   00.00   02.9     35.6    14:22     WSW


29    37.3  55.9  15:45  28.0  07:43   27.6   00.0   00.00   05.6     20.7    13:40      SW


30    37.5  55.4  16:32  29.8  21:55   27.5   00.0   00.00   03.0     21.9    00:27      SW


31    30.6  49.6  00:41  19.6  23:54   34.4   00.0   00.00   07.6     33.4    09:58      NW


--------------------------------------------------------------------------------------------


36.0 (35.1) 83.8 day 27  05.5 day 22  898.3  000.0   05.89   05.3     71.3   day 12      W 





Max <=  32: 4


Min <=  86: 31


Max <= 23: 1


Min <=  23: 14


Max Rain: 1.14 ON 12-11-09


Days of Rain: 12 (> .008in) 10 (> .08in) 4 (> 0.8in)