Monthly Climatological Summary
July 2013


LOCAL CLIMATOLOGICAL DATA
Month: 07 / 2013
Station Location: K3JAE's Weather Station, Bruceton, TN
Lat.036:02:04 Long.0088:14:38
Elevation: 491 Feet Above Sea Level
Temperature
(Farenheit)
Humidity
(%)
Degree Days
Base 64 Degrees
  Snow/
Ice On
Ground
(in.)
Rain
(in.)
Pressure
(inches)
Wind-
speed
(mph)
D
A
Y
Max Min Avg Diff
From
Normal
Avg
Dew
Point
Avg
Wet
Bulb
Heat
Index
Wind
Chill
Max Min Heating Cooling Sign.
Cond.
Sun
Hours
Max
Solar
w/m2
Solar
(kwh)
Max
UV
Evapo-
trans-
piration
Snow-
fall
Water
Equiv.
Avg
Sea
Level
Avg
Speed
Max
Speed
Avg
Dir.
1
2
3
4
5
6
7
8
9
10
11
12
13
14
15
16
17
18
19
20
21
22
23
24
25
26
27
28
29
30
31
075.6
079.1
081.9
075.0
083.7
084.0
088.2
090.6
091.1
090.0
089.7
082.5
083.9
083.7
088.1
091.5
093.0
090.6
091.4
089.5
088.5
081.2
083.1
087.5
081.7
083.3
084.1
076.1
076.8
075.8
084.9
65.1
63.8
59.3
65.2
65.6
65.9
64.9
69.0
70.4
74.4
68.5
61.4
59.3
67.9
71.0
69.8
71.4
70.5
67.9
70.0
70.2
69.1
68.9
67.6
61.1
60.2
66.8
59.7
59.2
62.3
69.7
67.7
69.9
70.5
70.1
71.7
74.0
75.0
78.8
80.9
81.6
78.9
72.4
72.1
73.9
78.1
80.3
82.1
77.0
78.3
79.3
75.3
73.4
75.4
75.0
70.8
71.6
74.2
68.1
68.0
69.4
72.8
-0.7
+3.9
+2.9
+0.6
-1.4
-0.5
+3.4
+11.9
+17.1
+13.8
+10.2
+2.9
+0.8
+5.9
+7.3
+7.3
+12.7
+8.7
+5.6
+13.9
-0.5
-3.7
+1.1
-0.9
-2.4
-1.0
+2.1
-6.4
-5.6
-3.3
+8.8
64.4
64.4
63.9
67.1
68.2
69.7
69.4
71.9
73.3
74.1
70.7
62.2
62.5
69.7
71.6
71.8
73.7
73.4
71.6
71.9
71.6
71.2
71.3
68.4
62.7
63.5
66.6
58.4
62.2
66.5
71.5
65.6
66.4
66.4
68.1
69.4
71.2
71.3
74.1
75.7
76.4
73.4
66.1
66.1
71.1
73.7
74.6
76.3
74.5
73.8
74.3
72.8
72.0
72.7
70.7
65.8
66.6
69.3
62.4
64.5
67.6
71.9
77.1
81.2
84.3
75.2
88.4
90.8
96.3
99.4
102.2
103.3
99.8
84.3
85.0
89.6
97.1
100.4
105.4
105.2
101.3
98.6
99.9
87.1
88.9
95.2
82.9
85.3
87.4
78.1
78.6
77.0
95.8
65.1
63.8
59.3
65.2
65.6
65.9
64.9
69.0
70.4
74.4
68.5
61.4
59.3
67.9
71.0
69.8
71.4
70.5
67.9
70.0
70.2
69.1
68.9
67.6
61.1
60.2
66.8
59.7
59.2
62.3
69.7
95
97
97
97
97
100
100
100
96
91
97
94
96
97
100
96
99
97
100
95
100
100
100
95
96
100
96
94
97
96
100
71
61
59
81
65
64
57
54
58
64
53
46
48
69
61
53
54
63
55
57
63
80
68
59
53
52
57
48
61
76
76
00.0
00.0
00.0
00.0
00.0
00.0
00.0
00.0
00.0
00.0
00.0
00.0
00.0
00.0
00.0
00.0
00.0
00.0
00.0
00.0
00.0
00.0
00.0
00.0
00.0
00.0
00.0
00.0
00.0
00.0
00.0
02.7
04.9
05.6
05.1
06.7
09.1
10.1
13.9
16.0
16.7
14.0
07.4
07.1
09.0
13.2
15.4
17.2
12.1
13.4
14.4
10.3
08.5
10.5
10.1
05.9
06.7
09.3
03.2
03.1
04.5
07.9
-----
-----
-----
-----
-----
-----
-----
-----
-----
-----
-----
-----
-----
-----
-----
-----
-----
-----
-----
-----
-----
-----
-----
-----
-----
-----
-----
-----
-----
-----
-----
01.6
02.9
03.0
00.3
03.3
04.9
06.0
06.0
03.4
05.5
06.8
05.9
01.2
03.6
05.5
06.6
01.2
04.8
05.7
04.4
00.6
03.2
03.0
06.0
04.4
04.5
01.9
00.1
01.7
00.8
00.0
1020.0
1230.0
1174.0
988.0
1202.0
1222.0
1148.0
1201.0
1215.0
1058.0
1146.0
1239.0
1181.0
1369.0
1223.0
1165.0
1093.0
1151.0
1195.0
1162.0
1085.0
837.0
1118.0
1099.0
1239.0
1120.0
1204.0
1041.0
911.0
496.0
1104.0
003.1
004.6
004.9
002.8
003.7
005.0
005.6
006.2
006.0
005.4
005.9
006.8
006.4
003.6
005.0
006.3
006.3
003.6
006.0
005.9
004.8
002.2
004.3
005.1
006.3
005.8
005.6
004.4
003.0
001.6
002.4
06.4
08.7
08.2
08.2
09.8
09.1
08.8
09.4
09.3
09.0
09.1
08.9
07.7
10.8
10.5
09.8
09.2
08.5
09.2
09.4
08.4
08.6
09.3
08.5
09.3
08.9
09.2
08.5
06.7
03.2
08.8
0.106
0.154
0.150
0.110
0.142
0.169
0.205
0.213
0.189
0.185
0.197
0.189
0.122
0.181
0.228
0.201
0.126
0.201
0.197
0.177
0.083
0.126
0.161
0.177
0.165
0.193
0.142
0.087
0.051
0.079
0.000
00.00
00.00
00.00
00.00
00.00
00.00
00.00
00.00
00.00
00.00
00.00
00.00
00.00
00.00
00.00
00.00
00.00
00.00
00.00
00.00
00.00
00.00
00.00
00.00
00.00
00.00
00.00
00.00
00.00
00.00
00.00
00.05
00.01
00.00
00.12
01.56
01.42
00.52
00.00
00.00
00.00
00.00
00.00
00.00
00.08
00.00
00.00
00.00
00.31
00.01
00.12
00.30
00.51
00.18
00.10
00.00
00.00
00.01
00.00
00.00
00.19
00.96
29.85
29.96
30.06
30.05
30.06
30.05
30.08
30.11
30.07
29.97
29.94
30.00
30.01
30.07
30.18
30.25
30.24
30.12
30.02
29.94
29.93
29.89
29.87
29.90
30.03
30.04
29.95
30.04
30.15
30.12
30.00
00.6
00.8
00.2
00.9
00.2
00.5
00.3
00.3
00.8
01.1
00.9
01.6
01.0
00.4
00.5
00.6
00.8
00.5
00.6
00.9
00.8
01.4
00.8
00.8
00.7
00.3
00.6
00.7
00.1
00.2
00.3
13.0
10.0
05.0
10.0
11.0
13.0
06.0
09.0
10.0
10.0
15.0
14.0
10.0
10.0
11.0
08.0
10.0
12.0
10.0
10.0
16.0
12.0
23.0
10.0
11.0
09.0
10.0
10.0
05.0
06.0
10.0
~287
~266
~341
~044
~072
~126
~205
~236
~265
~259
~020
~040
~041
~036
~109
~055
~041
~024
~276
~248
~271
~248
~258
~037
~040
~322
~270
~038
~037
~149
~112
  84.7

66.3

74.4

+3.7

68.4

70.5

        0000.0

0009.5

  Total
108.8
        Total
0.00
Total
0.00
30.031

00.6

10.6

343


Maximum Temperature: 93.0
Minimum Temperature: 59.2
Maximum Pressure: 30.31
Minimum Pressure: 29.79
Maximum Daily Precip: 1.56 (in.)
Maximum Daily Snowfall: 0.00 (in.)

Gale: 0 Day(s)
Maximum Wind: 23.0
Wind Run: 878.6km
Heating Degree Days: 000.0
Cooling Degree Days: 293.7

Max. Temp. >= 86 Was 13 Day(s)
Max. Temp. <= 32 Was 0 Day(s)
Min. Temp. <= 86 Was 31 Day(s)
Min. Temp. <= 0 Was 0 Day(s)
Precipitation >=.01inch Was 17 Day(s)
Precipitation >=.10inch Was 13 Day(s)
Snowfall >=1.0inch Was 0 Day(s)
  UV data not recorded until
    20 November 2012.
Solar Radiation data not recorded until
    23 December 2012.
NOTICE: Any and all Data shown prior to 19 September 2012 is from the previous Station location and should not be used for comparison purposes for the Bruceton, TN Area. Data from September 2012 and forward is valid and usable.