Monthly Climatological Summary
October 2012


LOCAL CLIMATOLOGICAL DATA
Month: 10 / 2012
Station Location: K3JAE's Weather Station, Bruceton, TN.
Lat.036: 2:14 Long.0088:14:42
Elevation: 474 Feet Above Sea Level
Temperature
(Farenheit)
Humidity
(%)
Degree Days
Base 65 Degrees
  Snow/
Ice On
Ground
(in.)
Rain
(in.)
Pressure
(inches)
Wind-
speed
(mph)
D
A
Y
Max Min Avg Diff
From
Normal
Avg
Dew
Point
Avg
Wet
Bulb
Max Min Heating Cooling Sign.
Cond.
Sun
Hours
Max
Solar
w/m2
Solar
(kwh)
Max
UV
Evapo-
trans-
piration
Snow-
fall
Snow-
Depth
Water
Equiv.
Avg
Sea
Level
Avg
Speed
Max
Speed
Avg
Dir.
1
2
3
4
5
6
7
8
9
10
11
12
13
14
15
16
17
18
19
20
21
22
23
24
25
26
27
28
29
30
31
-----
-----
-----
-----
-----
-----
052.1
062.0
064.8
066.8
060.0
059.4
079.1
073.0
072.3
074.7
076.4
067.2
063.1
064.6
078.4
081.5
079.5
080.2
079.3
062.9
055.7
058.5
057.8
059.4
059.9
-----
-----
-----
-----
-----
-----
46.6
41.4
37.7
43.2
37.4
55.4
58.2
59.2
49.9
46.3
53.7
48.1
48.1
42.1
45.0
60.7
53.3
54.0
56.5
42.1
40.2
37.1
33.8
38.3
34.6
-----
-----
-----
-----
-----
-----
47.5
51.2
50.9
56.3
50.5
57.8
66.8
68.4
59.7
60.0
64.1
57.1
54.1
52.4
63.8
71.0
66.0
65.9
67.1
48.1
46.7
45.8
44.4
46.8
45.8
-----
-----
-----
-----
-----
-----
-9.1
-4.7
-7.7
-2.3
-6.6
+1.8
+7.2
+15.0
+8.2
+8.0
+12.0
+8.6
+6.3
+5.5
+12.7
+18.8
+13.6
+8.2
+13.0
-7.3
-3.1
-1.2
+0.0
+1.4
-3.3
-----
-----
-----
-----
-----
-----
122.0
122.0
122.0
122.0
122.0
122.0
122.0
122.0
122.0
122.0
122.0
122.0
72.8
44.7
49.9
52.4
52.1
55.6
57.3
45.4
38.3
34.9
28.7
28.0
28.9
-----
-----
-----
-----
-----
-----
112.5
113.0
113.0
113.7
112.9
113.9
115.2
115.4
114.2
114.2
114.8
113.9
66.3
48.7
56.4
60.6
58.3
60.0
61.4
46.8
43.1
41.3
38.6
39.8
39.4
---
---
---
---
---
---
0
0
0
0
0
0
0
0
0
0
0
0
68
94
95
74
86
90
91
95
94
90
88
68
84
---
---
---
---
---
---
0
0
0
0
0
0
0
0
0
0
0
0
0
51
40
36
37
49
47
78
53
39
26
28
25
-----
-----
-----
-----
-----
-----
17.4
13.7
14.0
08.6
14.5
07.2
00.0
00.0
05.3
05.0
00.8
07.8
10.8
12.5
01.2
00.0
00.0
00.0
00.0
16.9
18.3
19.2
20.5
18.2
19.2
-----
-----
-----
-----
-----
-----
00.0
00.0
00.0
00.0
00.0
00.0
01.8
03.5
00.0
00.0
00.0
00.0
00.0
00.0
00.0
06.0
01.0
01.0
02.2
00.0
00.0
00.0
00.0
00.0
00.0
-----
HOT
-----
-----
-----
HOT
-----
-----
-----
-----
-----
-----
-----
-----
-----
-----
-----
-----
-----
-----
-----
-----
-----
-----
-----
-----
-----
-----
COLD
-----
-----
00.0
00.0
00.0
00.0
00.0
00.0
00.0
00.0
00.0
00.0
00.0
00.0
00.0
00.0
00.0
00.0
00.0
00.0
00.0
00.0
00.0
00.0
00.0
00.0
00.0
00.0
00.0
00.0
00.0
00.0
00.7
000.0
000.0
000.0
000.0
000.0
858.0
000.0
000.0
000.0
000.0
000.0
000.0
930.0
000.0
000.0
000.0
000.0
000.0
918.0
000.0
000.0
000.0
000.0
000.0
000.0
000.0
000.0
000.0
000.0
000.0
000.0
000.0
000.0
000.0
000.0
000.0
005.7
000.0
000.0
000.0
000.0
000.0
000.0
005.9
000.0
000.0
000.0
000.0
000.0
004.5
000.0
000.0
000.0
000.0
000.0
000.0
000.0
000.0
000.0
000.0
000.0
000.0
00.0
00.0
00.0
00.0
00.0
06.3
00.0
00.0
00.0
00.0
00.0
00.0
06.7
00.0
00.0
00.0
00.0
00.0
06.1
00.0
00.0
00.0
00.0
00.0
00.0
00.0
00.0
00.0
00.0
00.0
00.0
0.000
0.000
0.028
0.000
0.000
0.000
0.000
0.000
0.000
0.000
0.000
0.000
0.000
0.000
0.000
0.000
0.000
0.000
0.000
0.000
0.000
0.000
0.000
0.000
0.000
0.000
0.000
0.000
0.000
0.028
0.047
00.00
00.00
00.00
00.00
00.00
00.00
00.00
00.00
00.00
00.00
00.00
00.00
00.00
00.00
00.00
00.00
00.00
00.00
00.00
00.00
00.00
00.00
00.00
00.00
00.00
00.00
00.00
00.00
00.00
00.00
00.00
00.00
00.00
00.00
00.00
00.00
00.00
00.00
00.00
00.00
00.00
00.00
00.00
00.00
00.00
00.00
00.00
00.00
00.00
00.00
00.00
00.00
00.00
00.00
00.00
00.00
00.00
00.00
00.00
00.00
00.00
00.00
-----
-----
-----
-----
-----
-----
00.00
00.00
00.00
00.00
00.00
00.00
00.00
00.00
00.00
00.00
00.00
00.00
00.00
00.00
00.00
00.00
00.00
00.00
00.00
00.19
00.00
00.00
00.00
00.00
00.00
-----
-----
-----
-----
-----
-----
30.17
30.18
30.09
30.15
30.24
30.21
30.15
29.91
29.97
29.90
29.69
29.75
29.73
29.94
30.03
30.05
30.04
30.04
29.95
30.04
30.03
30.03
30.05
29.85
29.87
-----
-----
-----
-----
-----
-----
00.0
000
001
001
000
000
001
004
000
001
003
002
002
001
001
001
001
001
001
002
001
001
001
001
001
-----
-----
-----
-----
-----
-----
002
009
010
012
010
009
014
024
010
010
023
020
018
010
012
012
014
012
016
018
015
015
020
015
012
-----
-----
-----
-----
-----
-----
~000
~000
~000
~000
~000
~000
~000
~000
~000
~000
~000
~000
~289
~264
~221
~230
~217
~217
~215
~024
~025
~013
~003
~306
~286
  67.5

46.5

56.3

+5.0

82.1

74.7

    0009.2

0000.6

  Total
0.7
        Total
0.00
  Total
3.77
30.002

01.2

13.7

340


Maximum Temperature: 81.5
Minimum Temperature: 33.8
Maximum Pressure: 30.30
Minimum Pressure: 29.49
Maximum Daily Precip: 1.11 (in.)
Maximum Daily Snowfall: 0.00 (in.)

Gale: 0 Day(s)
Maximum Wind: 024
Wind Run: 638.6miles
Heating Degree Days: 231.0
Cooling Degree Days: 015.5

Max. Temp. >= 86 Was 0 Day(s)
Max. Temp. <= 50 Was 0 Day(s)
Min. Temp. <= 37 Was 4 Day(s)
Min. Temp. <= 0 Was 0 Day(s)
Precipitation >=.01inch Was 1 Day(s)
Precipitation >=.10inch Was 1 Day(s)
Snowfall >=1.0inch Was 0 Day(s)
  UV data not recorded until
    20 November 2012.
Solar Radiation data not recorded until
    23 December 2012.
NOTICE: Any and all Data shown prior to 19 September 2012 is from the previous Station location and should not be used for comparison purposes for the Bruceton, TN Area. Data from September 2012 and forward is valid and usable.