Monthly Climatological Summary
January 2013


LOCAL CLIMATOLOGICAL DATA
Month: 01 / 2013
Station Location: K3JAE's Weather Station, Bruceton, TN
Lat.036:02:04 Long.0088:14:38
Elevation: 491 Feet Above Sea Level
Temperature
(Farenheit)
Humidity
(%)
Degree Days
Base 64 Degrees
  Snow/
Ice On
Ground
(in.)
Rain
(in.)
Pressure
(inches)
Wind-
speed
(mph)
D
A
Y
Max Min Avg Diff
From
Normal
Avg
Dew
Point
Avg
Wet
Bulb
Heat
Index
Wind
Chill
Max Min Heating Cooling Sign.
Cond.
Sun
Hours
Max
Solar
w/m2
Solar
(kwh)
Max
UV
Evapo-
trans-
piration
Snow-
fall
Water
Equiv.
Avg
Sea
Level
Avg
Speed
Max
Speed
Avg
Dir.
1
2
3
4
5
6
7
8
9
10
11
12
13
14
15
16
17
18
19
20
21
22
23
24
25
26
27
28
29
30
31
039.7
036.2
044.0
046.5
045.0
048.9
047.2
056.2
053.3
065.9
067.3
069.6
069.3
030.7
031.1
032.3
048.4
049.8
057.2
054.7
040.4
033.4
046.1
036.7
036.8
049.0
052.5
064.0
070.8
071.0
047.8
28.9
25.1
21.4
21.0
23.2
25.4
22.8
26.6
45.9
49.4
56.1
63.5
29.4
25.8
24.9
29.8
29.7
23.1
33.0
32.3
24.8
20.8
22.4
27.7
28.7
25.9
31.5
51.2
57.4
34.5
27.1
36.7
29.4
31.1
31.7
35.2
37.3
32.5
42.5
49.7
58.0
61.0
66.8
46.1
28.6
28.7
31.1
35.8
35.7
44.5
42.2
31.8
26.9
31.7
32.6
33.1
35.9
43.4
57.1
63.7
48.9
37.0
-3.7
+7.4
+11.8
+7.4
+13.4
+12.7
+9.9
+25.5
-----
-----
-----
-----
+23.3
+0.9
-5.8
-8.7
+2.9
-2.1
+11.4
+14.3
+6.5
+2.4
+4.0
+0.0
-6.6
+5.7
+16.3
+29.2
-----
+25.5
-22.3
35.3
23.2
23.3
24.3
26.9
31.2
24.7
33.0
47.2
56.4
54.7
63.6
44.4
24.3
26.5
29.8
31.0
26.5
30.9
28.5
17.6
10.2
21.0
17.6
28.4
28.6
37.3
50.0
58.8
43.1
25.5
36.2
27.4
28.5
29.2
32.4
35.1
29.9
38.8
48.5
57.1
57.5
64.8
45.3
27.2
27.9
30.6
34.0
32.6
39.3
37.2
27.5
22.6
28.3
28.0
31.4
33.4
40.9
53.4
60.9
46.2
33.2
39.7
36.2
44.0
46.5
45.0
48.9
47.2
56.2
53.3
65.9
67.3
69.7
69.9
30.7
31.1
32.3
48.4
49.8
57.2
54.7
40.4
33.4
46.1
36.7
36.8
49.0
52.5
64.0
72.8
73.2
47.8
26.0
19.9
21.4
21.0
23.2
25.4
18.8
26.6
45.9
47.1
54.6
63.5
24.8
15.5
17.7
26.3
29.3
23.1
30.7
30.9
22.9
16.4
22.2
18.3
26.7
25.9
30.0
48.7
56.7
26.0
19.2
100
90
93
94
94
94
93
93
97
100
96
97
100
89
95
96
95
96
85
93
72
66
88
93
95
97
93
90
91
97
93
87
55
45
44
51
52
44
48
71
84
57
82
82
75
87
92
60
40
37
37
35
36
48
40
47
47
64
60
75
63
42
28.2
35.6
33.9
33.2
29.8
27.6
32.4
22.4
15.2
07.0
03.9
00.0
18.8
36.3
36.2
33.9
29.2
29.2
20.4
22.7
33.1
38.1
33.2
32.4
31.8
29.0
21.5
07.9
01.2
16.1
27.9
00.0
00.0
00.0
00.0
00.0
00.0
00.0
00.0
00.0
00.0
00.0
01.9
00.0
00.0
00.0
00.0
00.0
00.0
00.0
00.0
00.0
00.0
00.0
00.0
00.0
00.0
00.0
00.0
00.0
00.0
00.0
-----
-----
-----
-----
-----
-----
-----
-----
-----
-----
-----
-----
RAIN
-----
SNOW
-----
-----
-----
-----
-----
-----
-----
-----
-----
SNOW
-----
-----
-----
-----
-----
SNOW
00.0
00.0
00.0
00.0
00.0
00.0
00.0
00.0
00.0
00.0
00.0
00.0
00.0
00.0
00.0
00.0
00.0
00.0
00.0
00.0
00.0
00.0
00.0
00.0
03.6
00.0
00.0
00.0
00.0
00.0
00.0
111.0
693.0
575.0
578.0
721.0
684.0
577.0
599.0
223.0
132.0
642.0
309.0
065.0
327.0
234.0
162.0
605.0
615.0
617.0
615.0
619.0
684.0
287.0
645.0
313.0
751.0
283.0
221.0
336.0
589.0
657.0
000.4
002.1
002.8
002.7
001.6
002.3
002.8
002.5
000.6
000.5
002.6
000.7
000.2
000.9
000.7
000.4
002.1
003.0
002.9
003.0
003.0
002.4
000.3
002.8
000.7
002.9
000.8
000.9
000.9
001.0
003.5
00.7
02.6
02.5
02.4
02.7
02.6
02.6
02.6
01.0
00.6
02.9
01.4
00.5
01.9
01.6
01.0
02.0
02.7
02.9
02.7
02.8
02.5
00.8
03.7
02.0
03.5
01.4
01.8
01.6
02.3
02.9
0.008
0.012
0.016
0.012
0.016
0.016
0.016
0.008
0.008
0.028
0.012
0.028
0.008
0.004
0.004
0.012
0.016
0.031
0.020
0.020
0.012
0.012
0.028
0.012
0.035
0.016
0.035
0.028
0.063
0.031
0.000
00.00
00.00
00.00
00.00
00.00
00.00
00.00
00.00
00.00
00.00
00.00
00.00
00.00
00.00
00.00
00.00
00.00
00.00
00.00
00.00
00.00
00.00
00.00
00.00
00.00
00.00
00.00
00.00
00.00
00.00
00.00
00.07
00.00
00.00
00.00
00.00
00.00
00.00
00.00
00.19
00.49
00.59
00.01
02.43
00.00
00.03
00.00
00.03
00.00
00.00
00.00
00.00
00.00
00.00
00.00
00.29
00.00
00.01
00.07
00.01
01.94
00.01
30.12
30.27
30.38
30.47
30.36
30.30
30.38
30.27
30.36
30.17
29.98
29.91
29.99
30.35
30.21
30.15
30.27
30.50
30.27
30.23
30.31
30.42
30.35
30.40
30.20
30.34
30.27
30.15
29.87
29.64
30.11
01.6
01.0
00.7
00.7
00.8
02.0
00.7
00.7
01.3
02.9
02.8
03.0
02.7
03.4
02.9
00.3
01.5
00.5
02.2
00.9
01.6
01.0
00.2
03.4
00.7
00.8
01.6
03.3
04.4
05.9
05.1
10.0
09.0
09.0
10.0
09.0
14.0
06.0
10.0
10.0
19.0
20.0
18.0
30.0
15.0
14.0
04.0
15.0
08.0
15.0
10.0
13.0
07.0
03.0
17.0
08.0
08.0
17.0
16.0
30.0
26.0
18.0
~022
~016
~328
~288
~243
~279
~061
~163
~065
~128
~221
~180
~291
~020
~030
~024
~346
~238
~210
~027
~329
~012
~356
~053
~326
~013
~137
~181
~173
~257
~265
  49.7

31.9

40.2

+13.8

33.0

37.5

        0024.8

0000.1

  Total
3.6
        Total
0.00
Total
0.00
30.226

01.9

13.5

270


Maximum Temperature: 71.0
Minimum Temperature: 20.8
Maximum Pressure: 30.62
Minimum Pressure: 29.46
Maximum Daily Precip: 2.43 (in.)
Maximum Daily Snowfall: 0.00 (in.)

Gale: 0 Day(s)
Maximum Wind: 30.0
Wind Run: 2649.1km
Heating Degree Days: 768.4
Cooling Degree Days: 001.9

Max. Temp. >= 86 Was 0 Day(s)
Max. Temp. <= 32 Was 2 Day(s)
Min. Temp. <= 86 Was 31 Day(s)
Min. Temp. <= 0 Was 0 Day(s)
Precipitation >=.01inch Was 14 Day(s)
Precipitation >=.10inch Was 6 Day(s)
Snowfall >=1.0inch Was 0 Day(s)
  UV data not recorded until
    20 November 2012.
Solar Radiation data not recorded until
    23 December 2012.
NOTICE: Any and all Data shown prior to 19 September 2012 is from the previous Station location and should not be used for comparison purposes for the Bruceton, TN Area. Data from September 2012 and forward is valid and usable.