Yearly Climatological Summary for 2016


LOCAL CLIMATOLOGICAL DATA
K3JAE's Weather Station
2016
Station Location: K3JAE's Weather Station, ---, ---
Lat.036:02:04 Long.0088:14:38
Elevation(Ground): 0. above sea level
Temperature
(Farenheit)
Degree Days
Base 64 Degrees
  Snow/
Ice on
Grnd. (in.)
Rain
(in.)
Pressure
(inches)
Wind:Speed=mph
M
O
N
T
H
Max.
Min. Avg. Dep
From
Normal
Avg
Dew
pt.
Avg
Wet
Bulb
Heating Cooling Sig
Cond
Sun hrs 2400
LST
_____
Snow Fall
2400
LST
_____
Water
Equiv
Avg
Sea
Level
Avg
Spd
Avg
Dir
Max
Spd
Max
Spd
Dir
M
O
N
T
H
1
2
3
4
5
6
7
8
9
10
11
12
-----
-----
-----
-----
-----
-----
096.2
095.0
092.8
088.0
084.1
073.9
-----
-----
-----
-----
-----
-----
66.3
58.7
46.6
35.8
26.3
12.3
-----
-----
-----
-----
-----
-----
79.4
77.3
73.1
64.9
52.6
40.5
-----
-----
-----
-----
-----
-----
-----
-----
-----
-----
-----
-----
-----
-----
-----
-----
-----
-----
71.9
71.1
64.6
55.0
42.6
32.6
-----
-----
-----
-----
-----
-----
74.3
73.1
67.7
59.3
47.9
37.5
-----
-----
-----
-----
-----
-----
0000.0
0000.0
0019.7
0075.7
0383.4
0760.8
-----
-----
-----
-----
-----
-----
0496.7
0383.7
0264.0
0073.9
0011.7
0003.0
-----
-----
-----
-----
-----
-----
HOT
HOT
-----
-----
-----
COLD
-----
-----
-----
-----
-----
-----
133.9
113.7
133.0
89.2
100.7
85.5
-----
-----
-----
-----
-----
-----
00.0
00.0
00.0
00.0
00.0
00.0
-----
-----
-----
-----
-----
-----
04.36
06.09
01.54
00.39
02.79
00.11
-----
-----
-----
-----
-----
-----
30.01
30.02
30.05
30.13
30.17
30.23
-----
-----
-----
-----
-----
-----
01.0
00.7
01.0
01.2
01.5
02.3
-----
-----
-----
-----
-----
-----
~239
~230
~230
~233
~236
~239
-----
-----
-----
-----
-----
-----
21.9
21.9
19.6
20.7
26.4
26.4
-----
-----
-----
-----
-----
-----
~202
~043
~323
~193
~250
~126
1
2
3
4
5
6
7
8
9
10
11
12
  88.3
96.2
41.0
12.3
64.6 -0.1 56.3 59.9 0206.6 0205.5 - Total
656.0
Total
0.00
15.28
-0.255
30.101 01.3
+0.0
239 10.8
26.5
<Monthly Average
Degree Days
Yearly Total
Heating: 1239.5
Cooling: 1233.0
Max 24-hr Precip: 1.70 on Day/mth: 26 / 12

Max Snowfall: 0.00<
  Sea Level Pressure
Max was 30.80 on day/mth 19 / 12
Min was 29.34 on day/mth 28 / 11

 
  Number of days with---------> Max Temp >= 86 was 71
Max Temp <= 32 was 3
Thunderstorms:
Min Temp <= 86 was 222
Min Temp <= 0 was 0
Heavy fog: 0
Gale: 0
Precipitation >=.01inch was 63
Precipitation >=.10inch was 41
Snowfall >=1.0inch was 0
 

Daily weather report
 ------------------------------------------------------------------------------------
   Averages/extremes to date for the year 2016
 ------------------------------------------------------------------------------------
 Average temperature     69.4F
 Average humidity        76%
 Average dewpoint        61.0F
 Average barometer       30.075 in.
 Average windspeed       1.1 mph
 Average gustspeed       2.2 mph
 Average direction       236 ( SW)
 Rainfall for year       = 15.169 in
 Maximum rain per minute 0.330 in on day 22 at time 14:57 month 7
 Maximum temperature     96.2F on day 21 at time 16:03 month 7
 Minimum temperature     26.3F on day 21 at time 04:07 month 11
 Maximum humidity        = 91% on day 30 at time 09:50 month 11
 Minimum humidity        = 25% on day 22 at time 13:27 month 11
 Maximum dewpoint        = 80.5F on day 04 at time 17:03 month 8
 Minimum dewpoint        = 18.3F on day 20 at time 15:28 month 11
 Maximum pressure        = 30.475  in. on day 19 at time 09:39 month 11
 Minimum pressure        = 29.341  in. on day 01 at time 00:04 month 11
 Maximum windspeed       16.1 mph from 315( NW) on day 18 at time 19:13 month 11
 Maximum gust speed      26.5 mph from 281( W ) on day 28 at time 16:39 month 11
 Maximum heat index      113.3F on day 05 at time 14:31 month 8
 Total Growing T-Sum= 7084.4F
 Growing degrees days :2953.5 GDD
 Corn growing degrees days :2477.0 GDD
 Total windrun = 3909.0miles
---------------------------------------------------------------------------------------------