Monthly Climatological Summary
March 2013


LOCAL CLIMATOLOGICAL DATA
Month: 03 / 2013
Station Location: K3JAE's Weather Station, Bruceton, TN
Lat.036:02:04 Long.0088:14:38
Elevation: 491 Feet Above Sea Level
Temperature
(Farenheit)
Humidity
(%)
Degree Days
Base 64 Degrees
  Snow/
Ice On
Ground
(in.)
Rain
(in.)
Pressure
(inches)
Wind-
speed
(mph)
D
A
Y
Max Min Avg Diff
From
Normal
Avg
Dew
Point
Avg
Wet
Bulb
Heat
Index
Wind
Chill
Max Min Heating Cooling Sign.
Cond.
Sun
Hours
Max
Solar
w/m2
Solar
(kwh)
Max
UV
Evapo-
trans-
piration
Snow-
fall
Water
Equiv.
Avg
Sea
Level
Avg
Speed
Max
Speed
Avg
Dir.
1
2
3
4
5
6
7
8
9
10
11
12
13
14
15
16
17
18
19
20
21
22
23
24
25
26
27
28
29
30
31
037.3
033.4
042.8
062.0
058.3
042.8
048.1
059.9
067.4
067.6
052.1
052.5
046.4
050.6
076.2
074.3
053.2
064.5
055.9
051.8
047.0
047.0
055.1
050.8
036.8
042.8
055.0
064.5
050.0
053.3
062.9
32.0
29.2
23.4
33.2
34.1
29.4
25.2
28.4
43.2
52.1
37.9
28.4
31.6
23.7
40.5
53.2
43.8
41.1
34.1
31.0
23.0
35.8
42.4
35.2
32.5
29.6
24.2
36.7
46.6
45.2
45.9
33.9
30.9
33.9
48.5
45.2
36.2
36.2
43.7
53.8
59.5
42.8
40.9
39.5
38.5
59.1
64.5
48.9
53.8
45.3
40.6
35.4
41.3
47.3
44.3
34.1
35.5
39.6
49.5
47.8
48.6
54.2
-0.6
-2.0
+3.1
+15.8
+7.2
-4.6
-9.6
-5.2
+12.3
+14.2
-3.9
-4.8
-6.2
-2.9
+10.7
+15.2
-3.8
-5.0
-6.7
-4.6
-25.4
-13.4
-5.2
-1.6
-10.1
-5.9
-0.1
+2.4
+3.6
+5.8
+9.8
31.0
27.1
21.3
29.5
39.0
25.7
27.6
27.5
32.2
45.2
38.4
29.3
24.5
23.7
40.5
48.9
44.0
49.7
27.1
27.5
17.9
25.1
40.0
40.8
27.0
27.2
26.9
32.2
40.8
47.4
51.5
32.9
29.6
29.7
41.2
42.5
32.7
33.2
37.8
44.9
52.4
41.0
36.6
34.4
33.6
50.4
56.3
46.6
51.7
38.6
35.9
29.9
35.7
44.1
42.8
31.6
32.7
35.2
42.5
44.7
48.0
52.8
37.3
33.4
42.8
62.0
58.3
42.8
48.1
59.9
67.4
67.6
52.1
52.5
46.4
50.6
77.8
77.4
53.2
64.5
55.9
51.8
47.0
47.0
55.1
50.8
36.8
42.8
55.0
64.5
50.0
53.3
62.9
28.3
23.1
21.8
31.5
26.2
24.9
25.2
25.4
43.2
50.3
31.1
26.5
29.9
23.7
38.7
52.2
39.8
41.1
34.1
29.3
23.0
30.9
38.8
26.1
23.8
24.9
22.4
36.7
45.4
43.0
45.9
95
94
81
80
96
86
94
90
66
97
97
95
73
93
69
73
94
96
97
85
83
78
94
100
89
92
94
91
96
100
100
79
76
36
33
55
52
47
27
26
40
69
36
37
35
34
46
70
74
23
42
29
44
65
71
65
49
33
26
59
86
65
31.0
34.1
31.1
16.4
19.8
28.7
28.7
21.2
11.1
05.5
22.1
24.1
25.5
26.5
05.8
00.4
16.1
11.1
19.7
24.4
29.5
23.6
17.6
20.6
30.8
29.4
25.3
15.5
17.1
16.3
10.7
00.0
00.0
00.0
00.0
00.0
00.0
00.0
00.0
00.0
00.0
00.0
00.0
00.0
00.0
00.0
00.0
00.0
00.0
00.0
00.0
00.0
00.0
00.0
00.0
00.0
00.0
00.0
00.0
00.0
00.0
00.0
SNOW
SNOW
-----
-----
-----
-----
-----
-----
-----
-----
-----
-----
-----
-----
-----
-----
-----
-----
-----
-----
-----
-----
-----
-----
-----
SNOW
-----
-----
-----
-----
-----
00.0
00.0
06.8
01.9
00.0
00.9
05.2
07.5
01.1
00.8
00.1
07.6
07.0
02.9
06.1
06.6
00.2
00.1
06.8
06.1
07.0
00.0
00.0
00.0
00.0
00.5
08.8
07.3
00.0
00.0
00.7
366.0
274.0
830.0
837.0
316.0
1063.0
935.0
837.0
1007.0
951.0
591.0
874.0
1056.0
888.0
851.0
847.0
276.0
747.0
960.0
1100.0
909.0
244.0
671.0
1030.0
438.0
1074.0
923.0
1005.0
193.0
418.0
508.0
001.2
000.8
004.7
003.2
000.5
002.6
004.5
005.0
002.6
002.0
001.3
005.3
005.3
003.6
004.8
005.1
001.1
001.6
005.5
005.2
005.6
001.3
002.1
001.0
001.2
002.7
006.3
005.9
000.9
001.1
002.0
01.6
01.1
03.1
03.6
01.0
03.6
03.1
03.8
04.5
03.5
03.9
02.6
02.6
02.7
02.7
02.6
00.0
01.7
02.6
02.6
03.2
00.0
01.7
02.7
00.0
01.7
02.7
02.2
00.0
00.0
00.0
0.020
0.016
0.059
0.083
0.047
0.055
0.063
0.075
0.071
0.094
0.043
0.102
0.091
0.055
0.138
0.157
0.035
0.051
0.102
0.098
0.079
0.039
0.055
0.031
0.043
0.047
0.091
0.098
0.028
0.028
0.047
00.10
00.01
00.00
00.00
00.00
00.00
00.00
00.00
00.00
00.00
00.00
00.00
00.00
00.00
00.00
00.00
00.00
00.00
00.00
00.00
00.00
00.00
00.00
00.00
00.00
00.23
00.00
00.00
00.00
00.00
00.00
00.03
00.02
00.01
00.00
01.00
00.00
00.00
00.00
00.00
01.56
00.92
00.00
00.00
00.00
00.00
00.00
00.00
01.17
00.00
00.00
00.00
00.00
00.17
00.34
00.00
00.01
00.00
00.00
00.12
00.32
00.15
30.11
30.18
30.18
29.97
29.90
30.28
30.38
30.35
30.12
29.89
29.89
30.13
30.34
30.36
30.01
29.86
29.89
29.79
30.16
30.16
30.08
30.01
29.90
29.63
30.02
30.31
30.39
30.34
30.25
30.11
29.93
02.2
02.6
01.2
02.3
04.6
03.3
01.1
01.4
01.1
03.5
03.9
02.0
02.6
00.7
03.2
04.0
02.5
02.7
01.3
02.5
01.1
01.4
01.9
05.5
05.9
02.4
01.0
00.5
00.6
00.7
00.5
10.0
11.0
11.0
17.0
20.0
15.0
09.0
10.0
13.0
22.0
18.0
15.0
15.0
07.0
17.0
17.0
12.0
15.0
15.0
19.0
09.0
09.0
11.0
33.0
19.0
11.0
11.0
06.0
07.0
07.0
09.0
~282
~299
~279
~143
~273
~300
~026
~049
~134
~167
~253
~269
~288
~092
~229
~252
~040
~251
~351
~298
~342
~061
~051
~262
~270
~286
~296
~359
~062
~083
~265
  53.6

35.2

44.3

-0.9

33.4

40.0

        0020.6

0000.0

  Total
92.0
        Total
0.34
Total
0.00
30.095

02.3

13.5

279


Maximum Temperature: 76.2
Minimum Temperature: 23.0
Maximum Pressure: 30.46
Minimum Pressure: 29.48
Maximum Daily Precip: 1.56 (in.)
Maximum Daily Snowfall: 0.23 (in.)

Gale: 0 Day(s)
Maximum Wind: 33.0
Wind Run: 3086.2km
Heating Degree Days: 639.9
Cooling Degree Days: 000.0

Max. Temp. >= 86 Was 0 Day(s)
Max. Temp. <= 32 Was 0 Day(s)
Min. Temp. <= 86 Was 31 Day(s)
Min. Temp. <= 0 Was 0 Day(s)
Precipitation >=.01inch Was 13 Day(s)
Precipitation >=.10inch Was 9 Day(s)
Snowfall >=1.0inch Was 0 Day(s)
  UV data not recorded until
    20 November 2012.
Solar Radiation data not recorded until
    23 December 2012.
NOTICE: Any and all Data shown prior to 19 September 2012 is from the previous Station location and should not be used for comparison purposes for the Bruceton, TN Area. Data from September 2012 and forward is valid and usable.