Yearly Climatological Summary for 2014


LOCAL CLIMATOLOGICAL DATA
for the Year: 2014
Station Location: K3JAE's Weather Station, Bruceton, TN
Latitude: 036:02:04 - Longitude: 0088:14:38
Elevation: 491 Feet Above Sea Level
Temperature
(Farenheit)
Degree Days
Base 65 Degrees
  Snow/
Ice On
Ground
(in.)
Rain
(in.)
Pressure
(inches)
Wind-
speed
(mph)
M
T
H
Max Min Avg Diff
From
Normal
Avg
Dew
Point
Avg
Wet
Bulb
Heating Cooling Sign.
Cond.
Sun
Hours
Snow-
fall
Water
Equiv.
Avg
Sea
Level
Avg
Speed
Max
Speed
Avg
Dir.
1
2
3
4
5
6
7
8
9
10
11
12
062.9
071.7
075.2
083.1
090.2
092.4
092.3
094.9
092.7
085.0
069.8
065.5
02.0
13.2
13.2
29.0
40.8
53.3
54.6
57.1
48.0
35.9
17.4
23.0
31.7
36.6
41.1
59.6
68.9
74.4
73.7
76.7
69.8
60.0
43.3
41.4
0.0
+1.5
-3.3
+4.0
+3.3
+2.6
+1.6
+3.0
+2.7
+5.1
-1.8
+4.5
20.0
26.6
30.0
47.5
58.7
68.7
65.9
69.7
63.4
53.9
33.9
37.2
28.0
33.2
37.0
53.4
62.8
70.7
68.7
72.1
65.8
56.6
39.6
39.7
1081.6
0757.7
0799.1
0177.7
0069.2
0000.0
0000.0
0000.0
0020.9
0192.9
0644.7
0684.0
0000.0
0000.0
0000.0
0018.6
0189.8
0283.6
0268.2
0365.8
0165.3
0039.5
0000.0
0000.0
COLD
COLD
COLD
-----
-----
-----
-----
-----
-----
-----
SNOW
SNOW
81.9
73.9
63.8
80.9
106.6
89.3
99.9
99.6
74.9
48.5
37.3
27.2
00.0
00.7
00.7
00.0
00.0
00.0
00.0
00.0
00.0
00.0
00.0
00.0
02.29
04.80
04.42
04.25
02.72
00.00
00.27
07.66
02.05
04.66
02.39
03.22
30.19
30.15
30.14
29.98
30.03
29.97
30.03
29.99
30.07
30.00
30.18
30.22
02.8
02.8
02.5
02.1
01.3
00.8
00.6
00.6
00.7
01.1
01.8
01.8
33.4
29.9
29.9
28.8
21.9
27.6
19.6
19.6
18.4
26.4
26.4
20.7
~263
~295
~308
~291
~279
~272
~277
~276
~281
~280
~277
~281
  81.3

32.3

56.4

+2.7

47.9

52.1

0369.0

0110.9

  Total
883.8
Total
1.39
Total
38.73
30.079

01.6

14.2

281


Maximum Temperature: 94.9
Minimum Temperature: 2.0
Maximum Pressure: 30.82
Minimum Pressure: 18.57
Maximum Daily Precip: 5.54 in
Maximum Daily Snowfall: 0.00 in

Gale: 0 Day(s)
Maximum Wind: 33.4
Wind Run: 12884.3miles
Heating Degree Days: 4427.7
Cooling Degree Days: 1330.9

Max. Temp. >= 86 Was 66 Day(s)
Max. Temp. <= 32 Was 15 Day(s)
Min. Temp. <= 86 Was 364 Day(s)
Min. Temp. <= 0 Was 0 Day(s)
Precipitation >=.01inch Was 123 Day(s)
Precipitation >=.10inch Was 74 Day(s)
Snowfall >=1.0inch Was 0 Day(s)
  UV data not recorded until
    20 November 2012.
Solar Radiation data not recorded until
    23 December 2012.
NOTICE: Any and all Data shown prior to 19 September 2012 is from the previous Station location and should not be used for comparison purposes for the Bruceton, TN Area. Data from September 2012 and forward is valid and usable.
Compare our statistics to the Official NWS office in Memphis, TN HERE.


Daily Weather Report
 ------------------------------------------------------------------------------------
   Averages/Extremes to date for the year 2014
 ------------------------------------------------------------------------------------
 Average Temperature     58.4°F
 Average Humidity        75%
 Average Dewpoint        49.6°F
 Average Barometer       30.063 in.
 Average Windspeed       1.5 mph
 Average Gustspeed       3.4 mph
 Average Direction       277° ( W )
 Rainfall for year       = 35.508 in
 Maximum Rain per minute 0.812 in on day 04 at time 23:00 month 3
 Maximum Temperature     94.9°F on day 06 at time 16:38 month 8
 Minimum Temperature     2.0°F on day 29 at time 06:56 month 1
 Maximum Humidity        = 100% on day 06 at time 10:36 month 6
 Minimum Humidity        = 3% on day 31 at time 03:58 month 1
 Maximum Dewpoint        = 80.3°F on day 13 at time 14:21 month 7
 Minimum Dewpoint        = -37.4°F on day 31 at time 03:58 month 1
 Maximum Pressure        = 30.822  in. on day 31 at time 09:28 month 1
 Minimum Pressure        = 18.571  in. on day 24 at time 04:09 month 1
 Maximum Windspeed       18.4 mph from 293°(WNW) on day 11 at time 18:13 month 4
 Maximum Gust Speed      33.4 mph from 293°(WNW) on day 05 at time 15:00 month 1
 Maximum Heat Index      113.3°F on day 23 at time 14:54 month 8
 Total Growing T-Sum= 8783.4°F
 Growing Degrees Days :2286.2 GDD
 Corn Growing Degrees Days :7125.3 GDD
 Total Windrun = 11851.8miles
---------------------------------------------------------------------------------------------