Monthly Climatological Summary
October 2013


LOCAL CLIMATOLOGICAL DATA
Month: 10 / 2013
Station Location: K3JAE's Weather Station, Bruceton, TN
Lat.036:02:04 Long.0088:14:38
Elevation: 491 Feet Above Sea Level
Temperature
(Farenheit)
Humidity
(%)
Degree Days
Base 64 Degrees
  Snow/
Ice On
Ground
(in.)
Rain
(in.)
Pressure
(inches)
Wind-
speed
(mph)
D
A
Y
Max Min Avg Diff
From
Normal
Avg
Dew
Point
Avg
Wet
Bulb
Heat
Index
Wind
Chill
Max Min Heating Cooling Sign.
Cond.
Sun
Hours
Max
Solar
w/m2
Solar
(kwh)
Max
UV
Evapo-
trans-
piration
Snow-
fall
Water
Equiv.
Avg
Sea
Level
Avg
Speed
Max
Speed
Avg
Dir.
1
2
3
4
5
6
7
8
9
10
11
12
13
14
15
16
17
18
19
20
21
22
23
24
25
26
27
28
29
30
31
078.3
079.3
082.4
083.9
085.4
073.5
066.1
068.8
077.6
076.6
080.5
075.9
076.8
080.2
071.0
064.6
064.0
067.9
053.6
063.8
069.1
061.4
053.9
056.1
050.7
058.8
062.7
067.8
068.2
073.4
068.4
61.3
66.1
66.0
64.2
68.4
51.9
45.2
46.3
51.7
57.7
54.6
54.6
59.7
53.0
63.5
55.9
47.2
42.4
39.5
36.2
38.8
46.9
41.7
36.0
28.9
30.1
49.2
51.0
47.2
61.5
59.8
68.4
71.6
73.0
72.8
74.8
58.7
54.9
56.8
63.4
66.0
65.4
65.0
66.9
64.8
66.3
59.7
55.7
53.6
49.4
48.1
53.3
53.2
46.8
46.5
38.2
45.4
55.7
59.5
58.3
67.1
65.0
+19.2
+21.4
+18.0
+21.2
+25.8
+8.0
+0.7
+0.7
+4.8
+7.4
+8.4
+9.1
+8.5
+10.0
+15.2
+7.7
+3.6
+5.0
+1.6
+1.2
+2.2
+1.0
-5.6
-11.3
-15.9
-10.0
+5.9
+12.5
+13.9
+21.8
+12.2
66.2
68.1
66.7
68.1
70.2
53.4
48.9
49.5
58.3
61.6
59.5
61.4
62.1
57.4
63.1
58.9
52.0
48.1
46.1
41.3
46.0
45.8
39.3
39.0
30.2
37.1
51.8
55.5
56.0
61.4
62.2
67.0
69.3
69.0
69.8
71.7
55.8
51.8
53.0
60.5
63.3
61.9
62.9
64.0
60.5
64.3
59.2
53.7
50.8
47.8
45.0
49.7
49.6
43.5
43.2
35.3
41.9
53.6
57.2
57.0
63.6
63.3
80.7
82.0
84.6
89.5
91.7
72.0
66.1
77.2
79.4
78.4
81.7
77.5
78.6
81.3
72.3
64.6
64.0
67.9
53.6
63.8
77.5
61.4
53.9
56.1
50.7
58.8
62.7
67.8
69.3
74.6
68.0
61.3
66.1
66.0
64.2
68.4
51.9
45.2
46.3
51.7
57.7
54.6
54.6
59.7
53.0
63.5
55.9
47.2
42.4
39.5
36.2
38.8
45.3
38.8
33.1
28.5
30.1
49.2
51.0
47.2
61.5
59.8
100
100
100
100
96
97
100
100
97
100
100
100
100
91
97
100
100
100
96
100
97
95
93
93
94
95
95
100
100
92
97
77
69
57
65
62
74
57
51
64
65
49
70
67
50
77
93
64
51
72
45
43
48
52
51
42
49
76
62
81
73
79
00.0
00.0
00.0
00.0
00.0
06.2
10.1
08.1
01.5
00.0
00.0
00.0
00.0
00.1
00.0
05.2
09.2
11.4
15.5
16.8
11.7
11.8
18.2
18.5
26.7
19.5
09.2
05.5
06.6
00.0
00.0
03.5
06.6
08.1
07.9
09.8
00.0
00.0
00.0
00.0
01.1
00.5
00.1
02.0
00.0
01.4
00.0
00.0
00.0
00.0
00.0
00.0
00.0
00.0
00.0
00.0
00.0
00.0
00.0
00.0
02.2
00.0
-----
-----
-----
-----
-----
-----
-----
-----
-----
-----
-----
-----
-----
-----
-----
-----
-----
-----
-----
-----
-----
-----
-----
-----
-----
-----
-----
-----
-----
-----
-----
00.0
00.1
03.9
01.6
01.9
03.1
03.6
02.6
01.0
02.4
00.2
02.5
03.5
00.0
00.0
01.6
02.5
00.0
03.6
03.5
03.7
02.3
00.5
03.0
00.3
00.3
01.7
00.0
00.1
00.0
00.0
830.0
543.0
786.0
956.0
891.0
895.0
898.0
761.0
918.0
863.0
824.0
714.0
761.0
712.0
287.0
120.0
904.0
847.0
369.0
693.0
689.0
680.0
868.0
809.0
679.0
626.0
791.0
870.0
452.0
554.0
083.0
001.7
002.0
003.5
002.7
005.6
004.3
003.2
003.1
002.9
002.2
002.7
001.7
002.6
003.0
001.1
000.5
002.3
002.5
001.1
002.8
002.9
002.8
002.5
001.8
002.3
001.7
001.2
002.1
001.2
001.5
000.3
00.8
04.0
05.4
05.6
06.9
06.2
05.1
04.5
04.9
04.9
04.9
04.2
04.2
04.4
02.5
00.9
04.5
04.3
04.0
03.7
03.5
03.4
03.9
03.5
03.2
02.9
03.3
03.1
02.5
02.9
00.5
0.016
0.051
0.106
0.083
0.079
0.067
0.079
0.063
0.059
0.075
0.043
0.067
0.079
0.035
0.012
0.051
0.055
0.020
0.043
0.059
0.059
0.051
0.035
0.043
0.035
0.020
0.039
0.028
0.047
0.020
0.000
00.00
00.00
00.00
00.00
00.00
00.00
00.00
00.00
00.00
00.00
00.00
00.00
00.00
00.00
00.00
00.00
00.00
00.00
00.00
00.00
00.00
00.00
00.00
00.00
00.00
00.00
00.00
00.00
00.00
00.00
00.00
00.02
00.01
00.00
00.00
00.06
00.07
00.00
00.00
00.00
00.00
00.00
00.00
00.00
00.00
00.05
00.27
00.07
00.00
00.13
00.00
00.03
00.15
00.00
00.00
00.00
00.00
00.00
00.02
00.00
00.00
01.35
30.05
30.07
30.03
30.04
29.98
29.91
30.05
30.14
30.13
30.10
30.04
30.07
30.22
30.18
30.03
29.98
29.99
30.04
30.02
30.08
30.04
30.00
30.08
30.24
30.46
30.23
30.09
30.18
30.22
30.12
29.75
00.5
00.4
00.6
00.5
00.8
00.6
00.6
01.5
00.4
00.1
00.2
00.2
01.1
00.9
00.7
00.3
00.3
00.2
00.5
00.4
00.7
01.0
00.6
00.5
00.6
00.9
00.1
00.4
00.2
01.2
03.6
10.0
10.0
10.0
09.0
12.0
07.0
10.0
14.0
08.0
05.0
06.0
06.0
10.0
09.0
11.0
10.0
10.0
07.0
10.0
08.0
12.0
12.0
13.0
12.0
10.0
13.0
05.0
08.0
08.0
14.0
23.0
~173
~239
~200
~197
~223
~266
~011
~041
~143
~114
~135
~217
~026
~046
~193
~044
~030
~148
~277
~246
~250
~317
~297
~319
~039
~258
~222
~253
~190
~228
~229
  69.7

50.9

59.5

+7.2

54.4

56.7

        0006.8

0001.4

  Total
49.5
        Total
0.00
Total
0.00
30.083

00.7

10.1

248


Maximum Temperature: 85.4
Minimum Temperature: 28.9
Maximum Pressure: 30.56
Minimum Pressure: 29.55
Maximum Daily Precip: 1.35 (in.)
Maximum Daily Snowfall: 0.00 (in.)

Gale: 0 Day(s)
Maximum Wind: 23.0
Wind Run: 863.9km
Heating Degree Days: 211.8
Cooling Degree Days: 043.2

Max. Temp. >= 86 Was 0 Day(s)
Max. Temp. <= 32 Was 0 Day(s)
Min. Temp. <= 86 Was 31 Day(s)
Min. Temp. <= 0 Was 0 Day(s)
Precipitation >=.01inch Was 12 Day(s)
Precipitation >=.10inch Was 4 Day(s)
Snowfall >=1.0inch Was 0 Day(s)
  UV data not recorded until
    20 November 2012.
Solar Radiation data not recorded until
    23 December 2012.
NOTICE: Any and all Data shown prior to 19 September 2012 is from the previous Station location and should not be used for comparison purposes for the Bruceton, TN Area. Data from September 2012 and forward is valid and usable.