Monthly Climatological Summary
November 2012


LOCAL CLIMATOLOGICAL DATA
Month: 11 / 2012
Station Location: K3JAE's Weather Station, Bruceton, TN
Lat.036:02:04 Long.0088:14:38
Elevation: 491 Feet Above Sea Level
Temperature
(Farenheit)
Humidity
(%)
Degree Days
Base 64 Degrees
  Snow/
Ice On
Ground
(in.)
Rain
(in.)
Pressure
(inches)
Wind-
speed
(mph)
D
A
Y
Max Min Avg Diff
From
Normal
Avg
Dew
Point
Avg
Wet
Bulb
Heat
Index
Wind
Chill
Max Min Heating Cooling Sign.
Cond.
Sun
Hours
Max
Solar
w/m2
Solar
(kwh)
Max
UV
Evapo-
trans-
piration
Snow-
fall
Water
Equiv.
Avg
Sea
Level
Avg
Speed
Max
Speed
Avg
Dir.
1
2
3
4
5
6
7
8
9
10
11
12
13
14
15
16
17
18
19
20
21
22
23
24
25
26
27
28
29
30
31
062.4
068.8
080.9
056.6
056.6
053.2
050.0
057.9
068.9
072.2
070.7
058.5
047.0
047.0
057.0
058.9
063.4
065.1
067.4
068.4
067.2
067.3
059.3
042.5
057.7
056.6
043.9
050.4
058.3
061.8
-----
31.4
42.1
43.2
36.9
34.8
41.5
36.6
30.2
34.4
46.0
55.1
29.8
25.7
32.4
27.8
29.5
31.1
29.3
33.1
32.0
40.7
32.8
35.8
27.1
25.2
41.0
27.1
22.9
25.8
34.0
-----
52.0
54.1
58.4
46.4
44.3
45.8
45.1
42.4
51.9
59.2
62.5
45.0
30.7
35.1
40.8
43.3
45.2
45.8
49.1
56.1
52.6
50.8
49.9
33.4
41.1
48.0
36.7
34.3
40.9
47.2
-----
+7.8
+6.7
+7.7
+0.5
+0.5
+2.8
-2.2
-7.3
+5.2
+16.4
+24.4
-2.1
-21.6
-20.7
-10.1
-4.1
+3.8
+7.8
+7.4
+11.3
+11.6
+5.5
+7.1
-6.9
-3.7
+5.7
-2.0
-6.9
-3.5
+3.9
-----
33.5
38.0
46.2
36.3
37.1
42.1
40.6
36.0
39.6
43.8
49.4
37.7
27.1
30.2
30.3
30.2
31.9
31.9
36.7
45.0
44.6
39.5
36.7
21.8
24.9
39.1
32.6
27.2
28.8
38.2
-----
44.3
47.0
52.3
42.2
41.3
44.1
43.1
39.8
46.4
51.7
55.6
41.9
29.5
33.4
36.9
38.4
40.0
40.3
43.8
50.7
48.8
45.8
44.2
29.6
35.5
44.1
35.2
31.7
36.5
43.3
-----
62.4
77.4
81.6
56.6
56.6
53.2
50.0
57.9
77.4
77.2
77.2
58.5
47.0
47.0
57.0
58.9
63.4
65.1
67.4
77.4
67.2
67.3
59.3
42.5
57.7
56.6
43.9
50.4
58.3
61.8
-----
31.4
42.1
43.2
36.9
34.8
41.1
36.6
30.2
34.4
46.0
55.1
29.8
25.7
31.1
27.8
29.5
30.0
29.3
33.1
32.0
40.7
32.8
33.9
23.6
25.2
36.4
27.1
22.9
25.8
34.0
-----
89
85
78
91
95
95
92
97
96
81
91
96
94
89
95
94
88
95
92
90
95
97
94
84
85
96
94
97
95
92
-----
27
30
48
43
45
70
72
50
39
35
51
39
49
79
37
33
31
29
32
45
49
37
34
43
29
53
68
43
33
49
-----
12.9
10.8
06.5
18.6
20.6
19.1
19.9
22.6
13.0
05.7
02.4
19.9
34.2
29.8
24.2
21.6
19.8
19.2
15.8
08.8
12.3
14.1
15.1
31.5
23.8
16.9
28.3
30.6
24.1
17.7
-----
00.0
00.0
00.0
00.0
00.0
00.0
00.0
00.0
00.0
00.0
00.0
00.0
00.0
00.0
00.0
00.0
00.0
00.0
00.0
00.0
00.0
00.0
00.0
00.0
00.0
00.0
00.0
00.0
00.0
00.0
-----
-----
-----
-----
-----
-----
-----
-----
-----
-----
-----
-----
-----
-----
-----
-----
-----
-----
-----
-----
-----
-----
-----
-----
-----
-----
-----
-----
-----
-----
-----
-----
00.0
00.0
00.0
00.0
00.0
00.0
00.0
00.0
00.0
00.0
00.0
00.0
00.0
00.0
00.0
00.0
00.0
00.0
00.0
00.0
00.0
00.0
00.0
00.0
00.0
00.0
00.0
00.0
00.0
00.0
-----
000.0
000.0
000.0
000.0
000.0
000.0
000.0
000.0
000.0
000.0
000.0
000.0
000.0
000.0
000.0
000.0
000.0
000.0
000.0
000.0
000.0
000.0
000.0
000.0
000.0
000.0
000.0
000.0
000.0
000.0
-----
000.0
000.0
000.0
000.0
000.0
000.0
000.0
000.0
000.0
000.0
000.0
000.0
000.0
000.0
000.0
000.0
000.0
000.0
000.0
000.0
000.0
000.0
000.0
000.0
000.0
000.0
000.0
000.0
000.0
000.0
-----
00.0
00.0
00.0
00.0
00.0
00.0
00.0
00.0
00.0
00.0
00.0
00.0
02.4
00.0
00.0
00.0
00.0
02.4
00.0
00.0
00.0
00.0
02.9
02.7
02.7
01.8
02.0
02.7
02.7
02.6
-----
0.000
0.000
0.000
0.000
0.000
0.000
0.000
0.000
0.000
0.000
0.000
0.000
0.000
0.000
0.000
0.000
0.000
0.000
0.000
0.024
0.035
0.016
0.028
0.020
0.008
0.008
0.024
0.024
0.000
0.000
-----
00.00
00.00
00.00
00.00
00.00
00.00
00.00
00.00
00.00
00.00
00.00
00.00
00.00
00.00
00.00
00.00
00.00
00.00
00.00
00.00
00.00
00.00
00.00
00.00
00.00
00.00
00.00
00.00
00.00
00.00
-----
00.00
00.00
00.08
00.00
00.13
00.00
00.02
00.00
00.00
00.00
00.24
00.58
00.00
00.00
00.00
00.00
00.00
00.00
00.00
00.00
00.01
00.00
00.07
00.00
00.00
00.08
00.02
00.00
00.00
00.00
-----
29.92
29.96
29.99
30.13
30.07
30.00
30.02
30.21
30.18
30.19
30.13
30.32
30.50
30.35
30.34
30.39
30.43
30.38
30.28
30.15
30.20
30.17
30.20
30.28
30.10
30.11
30.33
30.45
30.35
30.26
-----
00.5
00.5
01.5
00.5
00.8
00.5
00.3
00.1
01.0
01.3
03.2
01.4
00.4
00.2
00.4
00.7
00.6
00.4
00.3
01.0
00.5
00.9
02.5
01.1
01.1
01.0
01.9
00.2
00.7
01.3
-----
09.0
07.0
17.0
10.0
10.0
08.0
11.0
06.0
10.0
12.0
21.0
14.0
09.0
04.0
07.0
10.0
05.0
07.0
06.0
10.0
09.0
10.0
13.0
09.0
10.0
13.0
13.0
04.0
09.0
11.0
-----
~271
~358
~292
~035
~048
~304
~335
~005
~224
~209
~184
~300
~354
~049
~037
~028
~028
~012
~294
~258
~015
~215
~301
~312
~221
~151
~012
~317
~214
~200
-----
  59.9

33.8

46.3

+1.7

35.9

42.0

        0018.7

0000.0

  Total
0.0
        Total
0.00
Total
0.00
30.213

00.9

09.8

299


Maximum Temperature: 80.9
Minimum Temperature: 22.9
Maximum Pressure: 30.54
Minimum Pressure: 29.88
Maximum Daily Precip: 0.58 (in.)
Maximum Daily Snowfall: 0.00 (in.)

Gale: 0 Day(s)
Maximum Wind: 21.0
Wind Run: 1129.2km
Heating Degree Days: 560.0
Cooling Degree Days: 000.0

Max. Temp. >= 86 Was 0 Day(s)
Max. Temp. <= 32 Was 0 Day(s)
Min. Temp. <= 86 Was 30 Day(s)
Min. Temp. <= 0 Was 0 Day(s)
Precipitation >=.01inch Was 9 Day(s)
Precipitation >=.10inch Was 5 Day(s)
Snowfall >=1.0inch Was 0 Day(s)
  UV data not recorded until
    20 November 2012.
Solar Radiation data not recorded until
    23 December 2012.
NOTICE: Any and all Data shown prior to 19 September 2012 is from the previous Station location and should not be used for comparison purposes for the Bruceton, TN Area. Data from September 2012 and forward is valid and usable.