Monthly Climatological Summary
March 2014


LOCAL CLIMATOLOGICAL DATA
Month: 03 / 2014
Station Location: K3JAE's Weather Station, Bruceton, TN
Lat.036:02:04 Long.0088:14:38
Elevation: 491 Feet Above Sea Level
Temperature
(Farenheit)
Humidity
(%)
Degree Days
Base 64 Degrees
  Snow/
Ice On
Ground
(in.)
Rain
(in.)
Pressure
(inches)
Wind-
speed
(mph)
D
A
Y
Max Min Avg Diff
From
Normal
Avg
Dew
Point
Avg
Wet
Bulb
Heat
Index
Wind
Chill
Max Min Heating Cooling Sign.
Cond.
Sun
Hours
Max
Solar
w/m2
Solar
(kwh)
Max
UV
Evapo-
trans-
piration
Snow-
fall
Water
Equiv.
Avg
Sea
Level
Avg
Speed
Max
Speed
Avg
Dir.
1
2
3
4
5
6
7
8
9
10
11
12
13
14
15
16
17
18
19
20
21
22
23
24
25
26
27
28
29
30
31
069.2
064.2
030.8
034.8
034.8
034.8
024.8
036.6
035.1
031.0
032.1
039.2
048.1
047.1
038.1
052.7
061.0
065.9
065.2
071.7
054.3
066.6
052.7
053.7
044.7
053.0
064.5
066.3
058.6
062.7
075.2
29.8
29.8
15.2
15.2
25.7
18.6
15.0
22.7
29.3
18.2
13.2
21.1
20.1
27.2
18.9
27.9
32.1
28.2
55.1
44.7
37.5
34.2
38.4
30.4
27.9
22.5
43.2
54.4
41.5
32.2
36.9
51.8
47.0
22.7
23.7
30.3
21.5
20.6
30.3
33.1
25.6
22.1
29.3
34.7
36.1
29.8
39.9
44.2
49.7
59.9
62.3
45.6
51.6
43.9
47.5
37.6
37.8
51.2
60.7
46.9
46.8
57.6
+17.5
+14.5
-8.6
-12.1
-9.1
-18.4
-23.3
-17.6
-11.0
-22.6
-23.7
-15.5
-9.7
-4.5
-20.8
-12.5
-7.8
-8.0
+9.3
+18.2
-8.9
-0.4
-7.4
+1.9
-4.6
-2.4
+11.5
+13.1
+1.9
+2.9
+13.2
25.9
42.6
18.8
20.5
28.1
17.6
14.8
27.3
30.8
19.1
12.6
21.0
22.0
31.9
20.6
29.9
39.2
38.8
43.2
55.1
24.7
24.2
33.5
16.6
21.3
18.9
34.2
57.8
43.5
34.5
35.3
42.1
45.0
21.6
22.7
29.5
20.5
19.1
29.2
32.3
23.7
19.7
26.7
30.5
34.6
26.9
36.2
42.0
44.9
51.7
58.3
38.2
41.5
39.8
37.6
32.5
31.6
44.1
59.0
45.3
41.7
47.8
76.2
64.2
30.8
34.8
34.8
34.8
24.8
36.6
35.1
31.0
32.1
39.2
48.1
47.1
38.1
52.7
61.0
65.9
65.2
75.5
54.3
66.6
52.7
53.7
44.7
53.0
64.5
66.3
58.6
62.7
76.8
24.9
24.9
6.5
6.5
21.5
12.4
6.5
18.6
21.5
8.1
2.2
14.7
19.1
19.3
12.4
27.9
29.5
28.2
53.6
41.0
35.0
34.2
33.8
27.1
27.9
22.5
40.0
53.0
38.7
32.2
36.9
0
95
0
82
96
88
89
94
97
87
80
83
92
95
86
87
95
100
93
90
80
70
92
64
81
92
93
97
97
95
93
100
95
100
82
96
80
64
82
84
65
44
52
28
68
52
50
68
31
22
60
24
16
32
21
33
20
35
81
77
31
20
13.1
17.9
42.3
41.3
34.7
43.4
44.4
34.7
31.8
39.3
42.8
35.7
30.2
28.8
35.2
25.1
20.8
15.2
05.1
02.7
19.3
13.3
21.0
17.4
27.3
27.1
13.7
04.2
18.1
18.2
07.3
00.0
00.0
00.0
00.0
00.0
00.0
00.0
00.0
00.0
00.0
00.0
00.0
00.0
00.0
00.0
00.0
00.0
00.0
00.0
00.0
00.0
00.0
00.0
00.0
00.0
00.0
00.0
00.0
00.0
00.0
00.0
-----
-----
SNOW
SNOW
-----
-----
-----
SNOW
SNOW
-----
COLD
-----
-----
-----
-----
-----
-----
-----
-----
-----
-----
-----
-----
-----
-----
-----
-----
-----
-----
-----
-----
00.0
00.0
00.0
00.0
00.0
01.4
07.7
06.7
01.2
00.7
02.4
01.4
02.3
00.6
02.5
02.6
02.8
03.0
02.5
02.9
02.8
02.8
02.4
03.4
02.5
01.6
01.0
03.5
03.1
00.0
00.0
404.0
162.0
482.0
257.0
269.0
788.0
348.0
870.0
793.0
1000.0
879.0
283.0
831.0
940.0
772.0
128.0
1086.0
1013.0
953.0
874.0
826.0
918.0
895.0
909.0
1139.0
888.0
1100.0
849.0
279.0
889.0
946.0
002.0
000.4
001.6
001.5
001.4
002.8
000.9
005.5
004.7
006.5
008.9
001.0
005.1
003.0
004.0
000.5
004.6
003.2
004.7
005.9
004.6
004.4
005.5
005.5
003.4
006.1
002.8
001.8
000.9
006.4
005.6
02.6
01.2
02.7
01.7
01.9
04.2
02.4
04.7
04.3
06.6
05.3
02.3
04.6
05.2
03.7
00.8
05.6
06.0
05.7
04.9
04.9
04.9
05.9
05.2
05.1
05.0
06.8
03.9
01.8
06.2
06.7
0.035
0.020
0.024
0.016
0.016
0.039
0.087
0.083
0.063
0.063
0.035
0.079
0.043
0.024
0.043
0.039
0.071
0.047
0.063
0.079
0.039
0.043
0.047
0.047
0.091
0.024
0.031
0.059
0.079
0.000
0.000
00.00
00.00
00.70
00.00
00.00
00.00
00.00
00.00
00.00
00.00
00.00
00.00
00.00
00.00
00.00
00.00
00.00
00.00
00.00
00.00
00.00
00.00
00.00
00.00
00.00
00.00
00.00
00.00
00.00
00.00
00.00
00.82
00.82
00.82
00.82
00.00
00.00
00.00
00.00
00.00
00.00
00.00
00.00
00.00
00.00
00.00
00.00
00.00
00.01
00.00
00.00
00.00
00.00
00.16
00.00
00.00
00.00
00.54
00.27
00.51
00.00
00.00
30.09
30.09
30.27
30.21
30.19
30.53
30.46
30.27
30.21
30.35
30.40
30.13
29.94
29.83
30.16
30.16
30.07
30.07
29.97
29.77
30.05
30.05
30.26
30.17
30.21
30.33
30.03
29.94
30.06
30.24
30.09
05.0
04.3
04.3
04.3
03.3
01.9
01.8
00.6
01.7
04.5
03.6
01.3
01.4
02.5
01.4
01.3
02.1
02.1
02.1
05.3
02.6
01.3
03.3
01.9
03.1
00.8
03.6
01.5
03.0
00.7
01.4
12.0
12.0
12.0
12.0
12.0
10.0
10.0
07.0
16.0
17.0
14.0
09.0
13.0
21.0
14.0
10.0
18.0
17.0
16.0
26.0
19.0
13.0
16.0
10.0
22.0
10.0
24.0
23.0
18.0
08.0
16.0
~124
~099
~099
~099
~235
~002
~298
~130
~042
~043
~045
~045
~049
~044
~329
~284
~232
~278
~336
~218
~245
~083
~016
~029
~316
~124
~176
~189
~341
~342
~197
  50.6

29.3

40.1

-4.9

29.2

36.1

        0024.9

0000.0

  Total
63.8
        Total
0.70
Total
0.00
30.148

02.5

14.7

351


Maximum Temperature: 75.2
Minimum Temperature: 13.2
Maximum Pressure: 30.60
Minimum Pressure: 29.62
Maximum Daily Precip: 0.82 (in.)
Maximum Daily Snowfall: 0.70 (in.)

Gale: 0 Day(s)
Maximum Wind: 26.0
Wind Run: 2364.2km
Heating Degree Days: 771.4
Cooling Degree Days: 000.0

Max. Temp. >= 86 Was 0 Day(s)
Max. Temp. <= 32 Was 3 Day(s)
Min. Temp. <= 86 Was 31 Day(s)
Min. Temp. <= 0 Was 0 Day(s)
Precipitation >=.01inch Was 9 Day(s)
Precipitation >=.10inch Was 8 Day(s)
Snowfall >=1.0inch Was 0 Day(s)
  UV data not recorded until
    20 November 2012.
Solar Radiation data not recorded until
    23 December 2012.
NOTICE: Any and all Data shown prior to 19 September 2012 is from the previous Station location and should not be used for comparison purposes for the Bruceton, TN Area. Data from September 2012 and forward is valid and usable.