Yearly Climatological Summary for 2015


LOCAL CLIMATOLOGICAL DATA
for the Year: 2015
Station Location: K3JAE's Weather Station, ---, ---
Latitude: 036:02:00 - Longitude: 0088:14:38
Elevation: 0 Feet Above Sea Level
Temperature
(Farenheit)
Degree Days
Base 64 Degrees
  Snow/
Ice On
Ground
(in.)
Rain
(in.)
Pressure
(inches)
Wind-
speed
(mph)
M
T
H
Max Min Avg Diff
From
Normal
Avg
Dew
Point
Avg
Wet
Bulb
Heating Cooling Sign.
Cond.
Sun
Hours
Snow-
fall
Water
Equiv.
Avg
Sea
Level
Avg
Speed
Max
Speed
Avg
Dir.
1
2
3
4
5
6
7
8
9
10
11
12
064.5
063.8
080.7
084.5
088.4
092.5
097.8
095.4
095.7
084.4
078.0
073.8
05.1
05.8
09.0
33.4
32.0
58.6
64.4
53.2
47.1
31.6
23.5
26.2
36.9
31.4
49.0
61.2
67.7
76.4
79.4
74.6
71.4
59.6
54.0
49.1
0.0
-3.2
+3.9
+4.7
+1.8
+3.9
+6.0
+0.8
+3.7
+4.2
+8.1
+11.1
27.6
21.8
40.7
51.0
59.6
69.1
72.8
66.9
63.3
51.1
45.4
42.7
33.7
28.3
45.3
55.7
62.9
71.6
74.9
69.6
66.3
55.1
49.8
46.2
0867.8
0939.3
0495.0
0148.1
0049.9
0003.0
0000.0
0000.0
0010.6
0178.7
0333.2
0433.8
0000.0
0000.0
0000.8
0037.4
0123.3
0352.8
0455.9
0286.5
0187.8
0026.8
0006.7
0002.7
COLD
COLD
COLD
-----
-----
-----
HOT
HOT
HOT
-----
-----
SNOW
40.7
42.1
60.3
79.4
87.1
97.8
96.2
90.6
57.8
21.9
18.4
14.8
00.1
01.1
04.0
00.0
00.0
00.0
00.0
00.0
00.0
00.0
00.0
00.0
00.05
00.18
00.18
00.15
00.61
00.23
00.09
00.11
00.04
00.15
00.32
05.61
30.26
30.23
30.17
29.99
30.12
29.98
29.96
30.00
30.03
30.08
30.17
30.09
02.1
02.6
01.8
01.7
00.7
00.9
00.9
00.6
00.6
01.1
01.9
02.6
27.6
26.4
20.7
26.4
23.0
20.7
16.1
12.7
17.3
16.1
26.4
29.9
~303
~330
~337
~329
~315
~299
~292
~299
~306
~315
~312
~298
  83.3

32.5

59.2

+4.2

51.0

54.9

0288.3

0123.4

  Total
707.1
Total
5.21
Total
7.73
30.091

01.5

12.5

298


Maximum Temperature: 97.8
Minimum Temperature: 5.1
Maximum Pressure: 30.92
Minimum Pressure: 29.40
Maximum Daily Precip: 3.47 in
Maximum Daily Snowfall: 0.00 in

Gale: 0 Day(s)
Maximum Wind: 29.9
Wind Run: 11172.8miles
Heating Degree Days: 3459.3
Cooling Degree Days: 1480.8

Max. Temp. >= 86 Was 74 Day(s)
Max. Temp. <= 32 Was 10 Day(s)
Min. Temp. <= 86 Was 363 Day(s)
Min. Temp. <= 0 Was 0 Day(s)
Precipitation >=.01inch Was 137 Day(s)
Precipitation >=.10inch Was 80 Day(s)
Snowfall >=1.0inch Was 2 Day(s)
  UV data not recorded until
    20 November 2012.
Solar Radiation data not recorded until
    23 December 2012.
NOTICE: Any and all Data shown prior to 19 September 2012 is from the previous Station location and should not be used for comparison purposes for the Bruceton, TN Area. Data from September 2012 and forward is valid and usable.