Monthly Climatological Summary
May 2013


LOCAL CLIMATOLOGICAL DATA
Month: 05 / 2013
Station Location: K3JAE's Weather Station, Bruceton, TN
Lat.036:02:04 Long.0088:14:38
Elevation: 491 Feet Above Sea Level
Temperature
(Farenheit)
Humidity
(%)
Degree Days
Base 64 Degrees
  Snow/
Ice On
Ground
(in.)
Rain
(in.)
Pressure
(inches)
Wind-
speed
(mph)
D
A
Y
Max Min Avg Diff
From
Normal
Avg
Dew
Point
Avg
Wet
Bulb
Heat
Index
Wind
Chill
Max Min Heating Cooling Sign.
Cond.
Sun
Hours
Max
Solar
w/m2
Solar
(kwh)
Max
UV
Evapo-
trans-
piration
Snow-
fall
Water
Equiv.
Avg
Sea
Level
Avg
Speed
Max
Speed
Avg
Dir.
1
2
3
4
5
6
7
8
9
10
11
12
13
14
15
16
17
18
19
20
21
22
23
24
25
26
27
28
29
30
31
080.9
078.1
072.3
060.5
063.7
063.6
071.4
081.0
080.9
071.5
071.5
068.6
074.2
085.5
084.0
082.5
068.0
083.7
085.8
085.4
078.5
076.3
078.6
072.7
080.1
086.3
084.0
086.4
087.2
085.3
081.5
57.5
56.0
41.8
39.0
43.1
50.1
53.7
51.3
58.7
62.3
56.5
43.8
38.2
51.9
60.0
64.9
62.8
65.3
69.6
67.1
63.8
62.1
60.6
51.7
46.8
52.6
56.1
66.9
62.6
72.3
65.4
68.7
65.0
58.8
47.5
52.2
54.5
61.1
66.0
69.8
65.7
62.9
55.3
56.1
69.4
72.7
72.2
65.5
73.3
77.0
75.9
69.2
67.6
68.1
60.7
63.6
69.2
71.3
75.6
75.2
77.7
74.7
+3.6
+0.8
-4.0
-10.0
-7.5
-7.0
-2.7
+5.6
+13.4
+11.3
+6.4
-4.8
-6.1
+2.6
+9.0
+10.3
+7.6
+13.0
+17.7
+11.7
+2.5
-0.8
-0.8
-9.4
-9.4
-3.0
-0.5
+2.2
+5.2
+6.5
+5.0
57.2
58.2
53.1
40.6
45.4
52.6
55.6
55.6
59.7
62.8
54.7
37.1
41.0
54.1
52.8
59.0
63.2
67.7
69.7
69.1
65.5
63.6
58.1
49.1
49.5
55.8
60.3
61.1
63.9
68.3
69.2
62.0
61.1
55.7
44.4
48.9
53.5
58.0
60.1
63.7
63.9
58.3
47.2
49.1
60.7
61.5
64.3
64.1
69.6
72.2
71.4
66.9
65.1
62.2
54.7
56.1
61.4
64.6
66.7
68.1
71.5
71.1
81.6
79.5
76.3
60.5
63.7
63.6
76.5
81.1
81.9
71.7
77.0
75.6
77.3
85.0
82.1
83.7
68.0
87.2
91.4
91.5
80.8
78.0
79.7
77.4
79.6
85.7
84.8
86.0
89.7
90.3
86.7
57.5
56.0
38.2
36.8
41.0
50.0
53.7
51.3
58.7
62.3
56.5
43.8
38.2
51.9
60.0
64.9
62.8
65.3
69.6
67.1
63.8
62.1
60.6
51.6
46.8
52.6
56.1
66.9
62.6
72.3
65.4
90
95
96
96
95
97
97
100
92
97
96
86
96
85
79
81
100
100
97
96
97
100
95
93
97
97
94
82
90
83
98
46
54
60
46
54
79
56
42
48
77
51
24
29
37
26
47
70
58
58
62
67
71
50
41
31
38
43
36
42
59
73
00.0
00.0
06.1
17.4
12.7
10.4
03.8
00.0
00.0
00.0
02.0
09.7
08.8
00.0
00.0
00.0
00.0
00.0
00.0
00.0
00.0
00.0
00.0
04.2
01.3
00.0
00.0
00.0
00.0
00.0
00.0
03.8
00.1
00.0
00.0
00.0
00.0
00.0
01.1
04.9
00.7
00.0
00.0
00.0
04.4
07.7
07.3
00.6
08.3
12.1
11.0
04.3
02.7
03.1
00.0
00.0
04.2
06.4
10.7
10.3
12.8
09.7
-----
-----
-----
-----
-----
-----
-----
-----
-----
-----
-----
-----
-----
-----
-----
-----
-----
-----
-----
-----
-----
-----
-----
-----
-----
-----
-----
-----
-----
-----
-----
03.7
01.7
00.8
05.1
03.1
00.6
02.8
06.1
04.8
00.5
02.0
07.8
08.5
08.3
06.1
04.2
00.0
05.5
03.2
03.2
02.0
01.2
05.9
05.5
08.0
07.9
02.2
07.9
07.2
03.2
00.7
1097.0
1169.0
1213.0
1352.0
1324.0
608.0
1359.0
1250.0
1172.0
949.0
1304.0
1069.0
1062.0
1014.0
1049.0
1223.0
406.0
1160.0
1121.0
1327.0
1013.0
1311.0
1318.0
1072.0
1065.0
1011.0
1452.0
1042.0
1100.0
1172.0
1185.0
005.4
004.7
003.2
006.1
004.8
001.7
004.6
006.0
005.8
001.6
004.2
007.3
007.5
007.1
006.8
006.0
001.1
006.4
005.8
004.8
003.4
003.5
006.2
006.4
007.0
006.9
005.6
007.0
006.9
005.1
002.9
07.3
09.2
10.4
09.1
08.4
05.0
09.0
08.4
06.8
05.1
07.2
07.4
06.9
06.5
08.0
08.1
05.5
09.1
07.7
08.8
07.6
09.6
09.5
09.6
08.6
08.5
09.8
09.5
10.1
12.0
11.9
0.169
0.130
0.087
0.122
0.110
0.047
0.118
0.173
0.157
0.051
0.110
0.197
0.209
0.244
0.228
0.177
0.031
0.181
0.197
0.161
0.106
0.106
0.169
0.189
0.213
0.220
0.177
0.232
0.201
0.185
0.102
00.00
00.00
00.00
00.00
00.00
00.00
00.00
00.00
00.00
00.00
00.00
00.00
00.00
00.00
00.00
00.00
00.00
00.00
00.00
00.00
00.00
00.00
00.00
00.00
00.00
00.00
00.00
00.00
00.00
00.00
00.00
00.00
00.48
01.28
00.32
00.00
00.44
00.00
00.01
00.00
01.82
00.12
00.00
00.00
00.00
00.00
00.00
00.64
00.00
00.00
00.01
01.51
00.34
00.00
00.00
00.00
00.00
00.00
00.00
00.00
00.00
01.10
30.05
30.09
29.92
29.95
29.89
29.87
29.99
30.03
30.02
29.91
30.00
30.18
30.22
30.07
30.03
29.97
29.96
29.97
29.93
29.93
29.91
29.85
30.00
30.27
30.27
30.17
30.06
30.01
30.03
30.01
29.97
00.8
00.4
02.2
01.4
00.9
00.3
00.4
00.5
01.0
01.2
00.4
00.7
00.5
02.0
01.9
00.6
00.2
00.3
01.5
01.1
00.6
01.6
01.0
01.5
00.3
00.3
01.2
01.8
00.9
01.5
01.4
10.0
08.0
17.0
09.0
10.0
06.0
07.0
09.0
15.0
14.0
11.0
10.0
10.0
13.0
17.0
09.0
10.0
08.0
10.0
11.0
12.0
12.0
13.0
15.0
08.0
07.0
16.0
15.0
13.0
16.0
16.0
~111
~100
~201
~288
~321
~287
~312
~271
~240
~247
~358
~355
~266
~252
~264
~234
~128
~231
~234
~217
~226
~255
~297
~039
~077
~182
~224
~226
~195
~202
~218
  77.7

56.6

66.5

+2.2

57.2

61.1

        0002.5

0004.1

  Total
129.7
        Total
0.00
Total
0.00
30.017

01.0

11.5

242


Maximum Temperature: 87.2
Minimum Temperature: 38.2
Maximum Pressure: 30.36
Minimum Pressure: 29.78
Maximum Daily Precip: 1.82 (in.)
Maximum Daily Snowfall: 0.00 (in.)

Gale: 0 Day(s)
Maximum Wind: 17.0
Wind Run: 1339.9km
Heating Degree Days: 076.5
Cooling Degree Days: 126.2

Max. Temp. >= 86 Was 3 Day(s)
Max. Temp. <= 32 Was 0 Day(s)
Min. Temp. <= 86 Was 31 Day(s)
Min. Temp. <= 0 Was 0 Day(s)
Precipitation >=.01inch Was 12 Day(s)
Precipitation >=.10inch Was 10 Day(s)
Snowfall >=1.0inch Was 0 Day(s)
  UV data not recorded until
    20 November 2012.
Solar Radiation data not recorded until
    23 December 2012.
NOTICE: Any and all Data shown prior to 19 September 2012 is from the previous Station location and should not be used for comparison purposes for the Bruceton, TN Area. Data from September 2012 and forward is valid and usable.