Yearly Climatological Summary for 2013


LOCAL CLIMATOLOGICAL DATA
for the Year: 2013
Station Location: K3JAE's Weather Station, Bruceton, TN.
Latitude: 036: 2:14 - Longitude: 0088:14:42
Elevation: 474 Feet Above Sea Level
Temperature
(Farenheit)
Degree Days
Base 65 Degrees
  Snow/
Ice On
Ground
(in.)
Rain
(in.)
Pressure
(inches)
Wind-
speed
(mph)
M
T
H
Max Min Avg Diff
From
Normal
Avg
Dew
Point
Avg
Wet
Bulb
Heating Cooling Sign.
Cond.
Sun
Hours
Snow-
fall
Water
Equiv.
Avg
Sea
Level
Avg
Speed
Max
Speed
Avg
Dir.
1
2
3
4
5
6
7
8
9
10
11
12
071.0
066.2
076.2
086.0
087.2
097.1
093.0
094.4
092.3
085.4
073.4
074.3
20.8
15.5
23.0
32.0
38.2
56.3
59.2
54.6
50.0
28.9
16.8
17.2
40.2
41.3
44.3
58.3
66.5
75.2
74.4
75.3
70.4
59.5
46.9
40.1
0.0
+6.4
-0.7
+3.6
+1.7
+4.0
+2.7
+2.5
+4.0
+5.8
+1.6
+3.8
33.0
30.9
33.4
46.8
57.2
67.0
68.4
69.7
64.5
54.4
38.1
33.9
37.4
37.4
40.0
52.5
61.1
69.9
70.5
71.6
66.7
56.7
43.2
37.7
0768.4
0661.6
0639.9
0246.8
0076.5
0000.0
0000.6
0000.0
0010.7
0211.8
0602.0
0751.6
0001.9
0000.0
0000.0
0047.5
0126.1
0306.8
0294.0
0334.8
0175.1
0043.1
0002.3
0003.1
COLD
COLD
COLD
COLD
HOT
HOT
HOT
HOT
HOT
COLD
COLD
COLD
03.6
54.5
92.0
127.9
129.7
132.4
108.8
126.6
128.1
49.5
58.0
48.2
00.0
00.5
00.3
00.0
00.0
00.0
00.0
00.0
00.0
00.0
00.0
00.0
06.17
03.64
05.82
07.44
08.07
05.45
06.39
03.06
06.75
04.65
01.53
03.34
30.23
30.07
30.10
30.05
30.02
29.94
30.03
30.05
30.02
30.08
30.26
30.19
02.2
02.8
02.6
02.0
01.1
00.9
00.7
00.6
00.7
00.7
01.6
01.8
035
028
038
025
020
021
026
016
020
026
026
043
~270
~268
~274
~265
~260
~261
~265
~267
~269
~268
~267
~264
  83.0

34.4

57.7

+3.2

49.8

53.6

0330.8

0111.2

  Total
1059.3
Total
0.87
Total
62.30
30.086

01.5

13.2

264


Maximum Temperature: 97.1
Minimum Temperature: 15.5
Maximum Pressure: 30.76
Minimum Pressure: 29.38
Maximum Daily Precip: 59.94 in
Maximum Daily Snowfall: 0.00 in

Gale: 0 Day(s)
Maximum Wind: 043
Wind Run: 12639.1miles
Heating Degree Days: 3970.0
Cooling Degree Days: 1334.8

Max. Temp. >= 86 Was 56 Day(s)
Max. Temp. <= 50 Was 67 Day(s)
Min. Temp. <= 37 Was 116 Day(s)
Min. Temp. <= 0 Was 0 Day(s)
Precipitation >=.01inch Was 148 Day(s)
Precipitation >=.10inch Was 87 Day(s)
Snowfall >=1.0inch Was 0 Day(s)
  UV data not recorded until
    20 November 2012.
Solar Radiation data not recorded until
    23 December 2012.
NOTICE: Any and all Data shown prior to 19 September 2012 is from the previous Station location and should not be used for comparison purposes for the Bruceton, TN Area. Data from September 2012 and forward is valid and usable.


2013 Yearly Weather Summary

Averages/Extremes for the Year 2013


MEASURED ITEM HIGH / LOW DATE/TIME OF OCCURRENCE
 Average Temperature 59.4°F  
 Average Humidity 77%  
 Average Dew Point 51.3°F  
 Average Barometer 30.077 inHg  
 Average Wind Speed 1.4 mph  
 Average Wind Gust 3.0 mph  
 Average Wind Direction 267° ( W )  
 Rainfall for Year 58.964 inches  
 Maximum Rain per Minute 59.944 inches 24 September 2013 at 20:38
 Maximum Temperature 97.1°F 27 June 2013 at 16:17
 Minimum temperature 15.5°F 01 February 2013 at 07:20
 Maximum Humidity 100% 22 November 2013 at 10:16
 Minimum Humidity 22% 30 November 2013 at 15:10
 Maximum Dew Point 79.7°F 18 July 2013 at 11:44
 Minimum Dew Point 5.4°F 22 January 2013 at 6:52
 Maximum Barometric Pressure 30.758 inHg 12 November 2013 at 09:55
 Minimum Barometric Pressure 29.377 inHg 21 February 2013 at 19:13
 Maximum Wind Speed 20.7 mph from 248° (WSW) 24 March 2013 at 15:30
 Maximum Gust Speed 38.0 mph from 248° (WSW) 24 March 2013 at 15:29
 Maximum Heat Index 107.1°F 27 June 2013 at 15:09
 Total Growing T-Sum 9286.5°F  
 Growing Degrees Days 2707.9 GDD  
 Corn Growing Degrees Days 7465.5 GDD  
 Total Wind Run 11492.1 miles