Monthly Climatological Summary
March 2017


LOCAL CLIMATOLOGICAL DATA
Month: 03 / 2017
Station Location: K3JAE's Weather Station, Bruceton, Tennesee
Lat.036:02:04 Long.0088:14:38
Elevation: 495 Feet Above Sea Level
Temperature
(Farenheit)
Humidity
(%)
Degree Days
Base 64 Degrees
  Snow/
Ice On
Ground
(in.)
Rain
(in.)
Pressure
(inches)
Wind-
speed
(mph)
D
A
Y
Max Min Avg Diff
From
Normal
Avg
Dew
Point
Avg
Wet
Bulb
Heat
Index
Wind
Chill
Max Min Heating Cooling Sign.
Cond.
Sun
Hours
Max
Solar
w/m2
Solar
(kwh)
Max
UV
Evapo-
trans-
piration
Snow-
fall
Water
Equiv.
Avg
Sea
Level
Avg
Speed
Max
Speed
Avg
Dir.
1
2
3
4
5
6
7
8
9
10
11
12
13
14
15
16
17
18
19
20
21
22
23
24
25
26
27
28
29
30
31
070.7
055.4
050.8
066.4
058.3
067.9
062.8
067.0
075.0
055.3
039.5
049.8
041.3
038.6
041.1
052.9
060.5
064.6
062.8
084.6
075.4
058.4
075.6
073.0
067.6
071.8
072.7
070.4
081.8
072.8
059.6
43.9
33.7
31.8
30.8
42.6
49.7
41.4
35.8
36.7
39.5
30.8
28.4
28.8
29.3
21.5
21.2
46.6
45.3
35.0
48.2
51.5
46.2
40.3
60.5
58.6
55.6
52.7
50.5
52.1
52.4
49.1
61.1
44.8
41.1
49.7
51.3
61.3
54.6
51.3
58.1
48.6
34.6
38.7
36.1
34.4
31.1
38.0
53.2
57.4
49.2
66.6
62.8
50.7
55.6
67.2
63.3
61.6
59.1
59.4
66.0
66.7
54.4
-----
-----
-----
-----
-----
-----
-----
-----
-----
-----
-----
-----
-----
-----
-----
-----
-----
-----
-----
-----
-----
-----
-----
-----
-----
-----
-----
-----
-----
-----
-----
46.9
27.7
25.5
26.8
38.0
53.1
48.6
33.9
43.2
34.3
27.3
22.5
32.6
26.5
16.5
21.6
43.5
41.5
35.0
50.0
56.5
32.9
37.0
56.1
56.5
54.9
55.0
52.5
55.8
56.9
48.1
53.9
38.5
35.7
41.1
45.5
56.8
51.5
44.0
50.9
42.7
32.0
33.4
34.8
31.6
26.8
32.7
48.6
49.9
43.3
57.7
59.2
43.4
47.4
60.8
59.4
57.9
56.8
55.6
60.2
61.0
51.2
77.2
55.4
50.8
66.4
58.3
67.9
62.8
67.0
77.3
55.3
39.5
49.8
41.3
38.6
41.1
52.9
60.5
64.6
62.8
84.4
77.6
58.4
77.6
76.6
67.6
76.4
74.9
75.6
82.9
76.5
59.6
42.3
33.7
31.0
29.4
42.4
49.7
41.4
35.8
36.7
36.2
25.0
23.2
28.4
23.2
17.7
21.2
44.2
43.7
34.2
48.2
48.8
41.8
38.8
60.3
58.6
55.6
52.7
50.5
52.1
50.8
48.3
90
84
89
82
78
90
90
90
90
91
91
88
91
91
83
91
90
91
90
77
90
91
65
81
90
90
90
90
91
90
89
31
28
29
23
38
62
54
24
30
33
52
34
70
52
31
31
42
26
35
43
58
28
33
58
64
57
70
62
50
57
70
03.8
20.2
23.9
15.2
13.6
03.7
10.4
13.7
06.9
16.3
30.3
26.3
28.8
30.5
33.8
27.0
11.8
07.5
15.7
00.0
02.1
14.3
09.3
00.0
01.6
03.4
05.9
05.6
00.0
00.0
10.5
00.0
00.0
00.0
00.0
00.0
00.0
00.0
00.0
00.0
00.0
00.0
00.0
00.0
00.0
00.0
00.0
00.0
00.0
00.0
01.7
00.0
00.0
00.0
02.2
00.0
00.0
00.0
00.0
01.1
01.7
00.0
-----
-----
-----
-----
-----
-----
-----
-----
-----
-----
SNOW
-----
-----
-----
-----
-----
-----
-----
-----
-----
-----
-----
-----
-----
-----
-----
-----
-----
-----
-----
-----
03.8
06.5
06.4
06.6
02.0
00.9
00.1
06.9
06.8
06.5
00.3
06.9
01.0
00.3
06.4
06.4
00.3
06.2
06.8
07.6
04.1
05.7
02.9
02.8
00.8
01.9
01.5
05.8
03.5
02.4
01.5
918.0
793.0
780.0
835.0
575.0
454.0
480.0
796.0
777.0
800.0
287.0
819.0
202.0
851.0
844.0
882.0
926.0
882.0
930.0
802.0
844.0
904.0
1053.0
965.0
642.0
1134.0
868.0
1134.0
954.0
911.0
566.0
003.1
004.3
004.2
004.5
002.2
001.5
001.5
004.6
004.4
004.6
000.9
004.9
000.9
001.6
004.9
004.5
000.9
004.8
005.0
005.2
002.9
004.8
004.0
003.3
002.0
002.9
001.6
005.2
004.0
002.9
002.2
04.0
03.5
03.3
03.8
02.9
03.1
02.9
04.2
04.0
04.2
02.0
04.0
01.0
02.8
03.8
04.6
04.6
04.3
04.7
04.7
04.3
05.2
05.8
05.0
04.2
05.6
04.1
06.8
05.8
05.2
03.3
0.106
0.071
0.071
0.098
0.059
0.055
0.039
0.083
0.114
0.094
0.031
0.087
0.016
0.031
0.063
0.083
0.059
0.110
0.094
0.157
0.075
0.126
0.126
0.118
0.071
0.083
0.047
0.110
0.126
0.098
0.063
00.00
00.00
00.00
00.00
00.00
00.00
00.00
00.00
00.00
00.00
00.50
00.00
00.00
00.00
00.00
00.00
00.00
00.00
00.00
00.00
00.00
00.00
00.00
00.00
00.00
00.00
00.00
00.00
00.00
00.00
00.00
00.32
00.00
00.00
00.00
00.00
00.11
01.04
00.00
00.66
00.01
00.07
00.02
00.20
00.00
00.00
00.00
00.84
00.09
00.00
00.00
00.53
00.22
00.00
00.00
00.16
00.06
00.66
00.01
00.00
01.03
00.09
29.92
30.36
30.59
30.50
30.37
30.13
30.11
30.33
30.12
30.27
30.41
30.37
30.11
30.23
30.45
30.40
30.20
30.23
30.32
30.06
30.03
30.30
30.26
30.15
29.98
29.96
29.89
30.00
29.95
29.69
29.85
06.0
01.7
01.6
01.6
02.2
04.5
03.4
01.4
02.5
03.5
02.5
01.9
01.1
03.3
02.1
01.1
02.7
02.4
01.3
02.8
02.0
03.8
01.6
04.5
04.0
02.0
01.5
01.7
01.7
04.8
02.9
34.0
14.0
13.0
14.0
17.0
24.0
26.0
14.0
23.0
17.0
15.0
11.0
08.0
15.0
12.0
10.0
17.0
17.0
10.0
17.0
22.0
17.0
10.0
23.0
21.0
16.0
17.0
11.0
17.0
27.0
15.0
~266
~323
~043
~204
~201
~191
~240
~262
~222
~020
~071
~065
~295
~344
~335
~228
~211
~324
~086
~221
~000
~063
~103
~181
~180
~226
~220
~056
~140
~219
~286
  62.7

41.6

52.5

---

40.6

47.1

        0012.6

0000.2

  Total
121.6
        Total
0.50
Total
6.12
30.178

02.6

16.9

226


Maximum Temperature: 84.6
Minimum Temperature: 21.2
Maximum Pressure: 30.68
Minimum Pressure: 29.56
Maximum Daily Precip: 1.04 (in.)
Maximum Daily Snowfall: 0.50 (in.)

Gale: 0 Day(s)
Maximum Wind: 34.0
Wind Run: 3544.3km
Heating Degree Days: 392.0
Cooling Degree Days: 006.7

Max. Temp. >= 86 Was 0 Day(s)
Max. Temp. <= 32 Was 0 Day(s)
Min. Temp. <= 86 Was 31 Day(s)
Min. Temp. <= 0 Was 0 Day(s)
Precipitation >=.01inch Was 18 Day(s)
Precipitation >=.10inch Was 13 Day(s)
Snowfall >=1.0inch Was 0 Day(s)
  UV data not recorded until
    20 November 2012.
Solar Radiation data not recorded until
    23 December 2012.
NOTICE: Any and all Data shown prior to 19 September 2012 is from the previous Station location and should not be used for comparison purposes for the Bruceton, TN Area. Data from September 2012 and forward is valid and usable.